{"id":995,"date":"2016-03-18T11:06:20","date_gmt":"2016-03-18T11:06:20","guid":{"rendered":"http:\/\/skvmusique.org\/?page_id=995"},"modified":"2016-03-18T11:06:20","modified_gmt":"2016-03-18T11:06:20","slug":"saint-patrick-11-mars-2016-ploufragan","status":"publish","type":"page","link":"http:\/\/www.skvmusique.org\/index.php\/saint-patrick-11-mars-2016-ploufragan\/","title":{"rendered":"Saint Patrick &#8211; 11 mars 2016 (Ploufragan)"},"content":{"rendered":"<h2 style=\"text-align: center;\">SKV f\u00eate la Saint Patrick<\/h2>\n<p>&nbsp;<\/p>\n<figure id=\"attachment_996\" aria-describedby=\"caption-attachment-996\" style=\"width: 167px\" class=\"wp-caption alignleft\"><a href=\"http:\/\/skvmusique.org\/wp-content\/uploads\/2016\/03\/DSC03025.jpg\"><img loading=\"lazy\" decoding=\"async\" class=\" wp-image-996\" src=\"http:\/\/skvmusique.org\/wp-content\/uploads\/2016\/03\/DSC03025.jpg\" alt=\"Saint Patrick (photo SKV)\" width=\"167\" height=\"125\" \/><\/a><figcaption id=\"caption-attachment-996\" class=\"wp-caption-text\">Saint Patrick (photo SKV)<\/figcaption><\/figure>\n<p style=\"text-align: justify;\">Le vendredi 16 mars 2016, SKV a organis\u00e9 a Ploufragan un concert \u00e0 l&rsquo;occasion de la Saint Patrick. Une centaine de personnes ont assist\u00e9 \u00e0 cet \u00e9v\u00e9nement. Tristan Le Govic, professeur de Harpe \u00e0 SKV, a assur\u00e9 la premi\u00e8re partie du concert. Le groupe Maybugs compos\u00e9 de trois professeurs de l&rsquo;association, Yann-Guirec Le Bars (guitare), C\u00e9line Rivaud (violon), Ronan Le Dissez (fl\u00fbte) ainsi que de Ronan Bl\u00e9jean (accord\u00e9on) ancien \u00e9l\u00e8ve de SKV a anim\u00e9 le reste de la soir\u00e9e en interpr\u00e9tant les standards de la musique traditionnelle irlandaise.<\/p>\n<p style=\"text-align: justify;\">Une session de musique irlandaise \u00e9tait ensuite propos\u00e9e \u00e0 tous les musiciens, adh\u00e9rents ou non de l&rsquo;association.<\/p>\n<p style=\"text-align: justify;\"><strong>Photos de la soir\u00e9e<\/strong><\/p>\n<p>[slideshow_deploy id=&rsquo;1018&prime;]<\/p>\n<p><strong>Vid\u00e9os <\/strong><\/p>\n<p>1\u00e8re partie de Tristan Le Govic \u00e0 la harpe<\/p>\n<p><iframe loading=\"lazy\" src=\"https:\/\/www.youtube.com\/embed\/neGUq69_MWo\" width=\"360\" height=\"360\" frameborder=\"0\" allowfullscreen=\"allowfullscreen\"><\/iframe><\/p>\n<p><strong>Tristan Le Govic &amp; Ronan Le Dissez<\/strong><\/p>\n<p><iframe loading=\"lazy\" src=\"https:\/\/www.youtube.com\/embed\/unIxGMJPgpM\" width=\"362\" height=\"362\" frameborder=\"0\" allowfullscreen=\"allowfullscreen\"><\/iframe><\/p>\n<p><strong>Concert de Maybugs<\/strong><\/p>\n<p><iframe loading=\"lazy\" src=\"https:\/\/www.youtube.com\/embed\/C7VBH30BXEw\" width=\"357\" height=\"357\" frameborder=\"0\" allowfullscreen=\"allowfullscreen\"><\/iframe><\/p>\n<p>&nbsp;<\/p>\n<p><iframe loading=\"lazy\" src=\"https:\/\/www.youtube.com\/embed\/f7fTE8gySdY\" width=\"353\" height=\"353\" frameborder=\"0\" allowfullscreen=\"allowfullscreen\"><\/iframe><\/p>\n<p><iframe loading=\"lazy\" src=\"https:\/\/www.youtube.com\/embed\/2xRkXH7C6Rk\" width=\"350\" height=\"350\" frameborder=\"0\" allowfullscreen=\"allowfullscreen\"><\/iframe><\/p>\n","protected":false},"excerpt":{"rendered":"<p>SKV f\u00eate la Saint Patrick &nbsp; Le vendredi 16 mars 2016, SKV a organis\u00e9 a Ploufragan un concert \u00e0 l&rsquo;occasion de la Saint Patrick. Une centaine de personnes ont assist\u00e9 \u00e0 cet \u00e9v\u00e9nement. Tristan Le Govic, professeur de Harpe \u00e0 SKV, a assur\u00e9 la premi\u00e8re partie du concert. Le groupe Maybugs compos\u00e9 de trois professeurs &hellip; <a href=\"http:\/\/www.skvmusique.org\/index.php\/saint-patrick-11-mars-2016-ploufragan\/\" class=\"more-link\">Continuer la lecture de <span class=\"screen-reader-text\">Saint Patrick &#8211; 11 mars 2016 (Ploufragan)<\/span><\/a><\/p>\n","protected":false},"author":1,"featured_media":0,"parent":0,"menu_order":0,"comment_status":"closed","ping_status":"closed","template":"","meta":{"footnotes":""},"class_list":["post-995","page","type-page","status-publish","hentry"],"yoast_head":"<!-- This site is optimized with the Yoast SEO plugin v25.9 - https:\/\/yoast.com\/wordpress\/plugins\/seo\/ -->\n<title>Saint Patrick - 11 mars 2016 (Ploufragan) - SKV Ecole de musique traditionnelle \u00e0 Saint Brieuc<\/title>\n<meta name=\"description\" content=\"Concert de Maybugs \u00e0 l&#039;occasion de la soir\u00e9e de la Saint Patrick organis\u00e9e par l&#039;association SKV de Saint Brieuc le vendredi 11 mars 2016 \u00e0 Ploufragan (22). 1\u00e8re partie de Tristan Le Govic.\" \/>\n<meta name=\"robots\" content=\"index, follow, max-snippet:-1, max-image-preview:large, max-video-preview:-1\" \/>\n<link rel=\"canonical\" href=\"http:\/\/www.skvmusique.org\/index.php\/saint-patrick-11-mars-2016-ploufragan\/\" \/>\n<meta property=\"og:locale\" content=\"fr_FR\" \/>\n<meta property=\"og:type\" content=\"article\" \/>\n<meta property=\"og:title\" content=\"Saint Patrick SKV - Vendredi 11 mars 2016.\" \/>\n<meta property=\"og:description\" content=\"Concert de Maybugs \u00e0 l&#039;occasion de la soir\u00e9e de la Saint Patrick organis\u00e9e par l&#039;association SKV de Saint Brieuc le vendredi 11 mars 2016 \u00e0 Ploufragan (22). 1\u00e8re parrtie de Tristan Le Govic\" \/>\n<meta property=\"og:url\" content=\"http:\/\/www.skvmusique.org\/index.php\/saint-patrick-11-mars-2016-ploufragan\/\" \/>\n<meta property=\"og:site_name\" content=\"SKV Ecole de musique traditionnelle \u00e0 Saint Brieuc\" \/>\n<meta property=\"og:image\" content=\"http:\/\/skvmusique.org\/wp-content\/uploads\/2016\/03\/DSC03025.jpg\" \/>\n<meta name=\"twitter:card\" content=\"summary_large_image\" \/>\n<meta name=\"twitter:label1\" content=\"Dur\u00e9e de lecture estim\u00e9e\" \/>\n\t<meta name=\"twitter:data1\" content=\"1 minute\" \/>\n<script type=\"application\/ld+json\" class=\"yoast-schema-graph\">{\"@context\":\"https:\/\/schema.org\",\"@graph\":[{\"@type\":\"WebPage\",\"@id\":\"http:\/\/www.skvmusique.org\/index.php\/saint-patrick-11-mars-2016-ploufragan\/\",\"url\":\"http:\/\/www.skvmusique.org\/index.php\/saint-patrick-11-mars-2016-ploufragan\/\",\"name\":\"Saint Patrick - 11 mars 2016 (Ploufragan) - SKV Ecole de musique traditionnelle \u00e0 Saint Brieuc\",\"isPartOf\":{\"@id\":\"http:\/\/www.skvmusique.org\/#website\"},\"primaryImageOfPage\":{\"@id\":\"http:\/\/www.skvmusique.org\/index.php\/saint-patrick-11-mars-2016-ploufragan\/#primaryimage\"},\"image\":{\"@id\":\"http:\/\/www.skvmusique.org\/index.php\/saint-patrick-11-mars-2016-ploufragan\/#primaryimage\"},\"thumbnailUrl\":\"http:\/\/skvmusique.org\/wp-content\/uploads\/2016\/03\/DSC03025.jpg\",\"datePublished\":\"2016-03-18T11:06:20+00:00\",\"description\":\"Concert de Maybugs \u00e0 l'occasion de la soir\u00e9e de la Saint Patrick organis\u00e9e par l'association SKV de Saint Brieuc le vendredi 11 mars 2016 \u00e0 Ploufragan (22). 1\u00e8re partie de Tristan Le Govic.\",\"breadcrumb\":{\"@id\":\"http:\/\/www.skvmusique.org\/index.php\/saint-patrick-11-mars-2016-ploufragan\/#breadcrumb\"},\"inLanguage\":\"fr-FR\",\"potentialAction\":[{\"@type\":\"ReadAction\",\"target\":[\"http:\/\/www.skvmusique.org\/index.php\/saint-patrick-11-mars-2016-ploufragan\/\"]}]},{\"@type\":\"ImageObject\",\"inLanguage\":\"fr-FR\",\"@id\":\"http:\/\/www.skvmusique.org\/index.php\/saint-patrick-11-mars-2016-ploufragan\/#primaryimage\",\"url\":\"http:\/\/skvmusique.org\/wp-content\/uploads\/2016\/03\/DSC03025.jpg\",\"contentUrl\":\"http:\/\/skvmusique.org\/wp-content\/uploads\/2016\/03\/DSC03025.jpg\"},{\"@type\":\"BreadcrumbList\",\"@id\":\"http:\/\/www.skvmusique.org\/index.php\/saint-patrick-11-mars-2016-ploufragan\/#breadcrumb\",\"itemListElement\":[{\"@type\":\"ListItem\",\"position\":1,\"name\":\"Accueil\",\"item\":\"http:\/\/www.skvmusique.org\/\"},{\"@type\":\"ListItem\",\"position\":2,\"name\":\"Saint Patrick &#8211; 11 mars 2016 (Ploufragan)\"}]},{\"@type\":\"WebSite\",\"@id\":\"http:\/\/www.skvmusique.org\/#website\",\"url\":\"http:\/\/www.skvmusique.org\/\",\"name\":\"SKV Ecole de musique traditionnelle \u00e0 Saint Brieuc\",\"description\":\"SKV -  Sonerien ha Kanerien vreizh\",\"potentialAction\":[{\"@type\":\"SearchAction\",\"target\":{\"@type\":\"EntryPoint\",\"urlTemplate\":\"http:\/\/www.skvmusique.org\/?s={search_term_string}\"},\"query-input\":{\"@type\":\"PropertyValueSpecification\",\"valueRequired\":true,\"valueName\":\"search_term_string\"}}],\"inLanguage\":\"fr-FR\"}]}<\/script>\n<!-- \/ Yoast SEO plugin. -->","yoast_head_json":{"title":"Saint Patrick - 11 mars 2016 (Ploufragan) - SKV Ecole de musique traditionnelle \u00e0 Saint Brieuc","description":"Concert de Maybugs \u00e0 l'occasion de la soir\u00e9e de la Saint Patrick organis\u00e9e par l'association SKV de Saint Brieuc le vendredi 11 mars 2016 \u00e0 Ploufragan (22). 1\u00e8re partie de Tristan Le Govic.","robots":{"index":"index","follow":"follow","max-snippet":"max-snippet:-1","max-image-preview":"max-image-preview:large","max-video-preview":"max-video-preview:-1"},"canonical":"http:\/\/www.skvmusique.org\/index.php\/saint-patrick-11-mars-2016-ploufragan\/","og_locale":"fr_FR","og_type":"article","og_title":"Saint Patrick SKV - Vendredi 11 mars 2016.","og_description":"Concert de Maybugs \u00e0 l'occasion de la soir\u00e9e de la Saint Patrick organis\u00e9e par l'association SKV de Saint Brieuc le vendredi 11 mars 2016 \u00e0 Ploufragan (22). 1\u00e8re parrtie de Tristan Le Govic","og_url":"http:\/\/www.skvmusique.org\/index.php\/saint-patrick-11-mars-2016-ploufragan\/","og_site_name":"SKV Ecole de musique traditionnelle \u00e0 Saint Brieuc","og_image":[{"url":"http:\/\/skvmusique.org\/wp-content\/uploads\/2016\/03\/DSC03025.jpg","type":"","width":"","height":""}],"twitter_card":"summary_large_image","twitter_misc":{"Dur\u00e9e de lecture estim\u00e9e":"1 minute"},"schema":{"@context":"https:\/\/schema.org","@graph":[{"@type":"WebPage","@id":"http:\/\/www.skvmusique.org\/index.php\/saint-patrick-11-mars-2016-ploufragan\/","url":"http:\/\/www.skvmusique.org\/index.php\/saint-patrick-11-mars-2016-ploufragan\/","name":"Saint Patrick - 11 mars 2016 (Ploufragan) - SKV Ecole de musique traditionnelle \u00e0 Saint Brieuc","isPartOf":{"@id":"http:\/\/www.skvmusique.org\/#website"},"primaryImageOfPage":{"@id":"http:\/\/www.skvmusique.org\/index.php\/saint-patrick-11-mars-2016-ploufragan\/#primaryimage"},"image":{"@id":"http:\/\/www.skvmusique.org\/index.php\/saint-patrick-11-mars-2016-ploufragan\/#primaryimage"},"thumbnailUrl":"http:\/\/skvmusique.org\/wp-content\/uploads\/2016\/03\/DSC03025.jpg","datePublished":"2016-03-18T11:06:20+00:00","description":"Concert de Maybugs \u00e0 l'occasion de la soir\u00e9e de la Saint Patrick organis\u00e9e par l'association SKV de Saint Brieuc le vendredi 11 mars 2016 \u00e0 Ploufragan (22). 1\u00e8re partie de Tristan Le Govic.","breadcrumb":{"@id":"http:\/\/www.skvmusique.org\/index.php\/saint-patrick-11-mars-2016-ploufragan\/#breadcrumb"},"inLanguage":"fr-FR","potentialAction":[{"@type":"ReadAction","target":["http:\/\/www.skvmusique.org\/index.php\/saint-patrick-11-mars-2016-ploufragan\/"]}]},{"@type":"ImageObject","inLanguage":"fr-FR","@id":"http:\/\/www.skvmusique.org\/index.php\/saint-patrick-11-mars-2016-ploufragan\/#primaryimage","url":"http:\/\/skvmusique.org\/wp-content\/uploads\/2016\/03\/DSC03025.jpg","contentUrl":"http:\/\/skvmusique.org\/wp-content\/uploads\/2016\/03\/DSC03025.jpg"},{"@type":"BreadcrumbList","@id":"http:\/\/www.skvmusique.org\/index.php\/saint-patrick-11-mars-2016-ploufragan\/#breadcrumb","itemListElement":[{"@type":"ListItem","position":1,"name":"Accueil","item":"http:\/\/www.skvmusique.org\/"},{"@type":"ListItem","position":2,"name":"Saint Patrick &#8211; 11 mars 2016 (Ploufragan)"}]},{"@type":"WebSite","@id":"http:\/\/www.skvmusique.org\/#website","url":"http:\/\/www.skvmusique.org\/","name":"SKV Ecole de musique traditionnelle \u00e0 Saint Brieuc","description":"SKV -  Sonerien ha Kanerien vreizh","potentialAction":[{"@type":"SearchAction","target":{"@type":"EntryPoint","urlTemplate":"http:\/\/www.skvmusique.org\/?s={search_term_string}"},"query-input":{"@type":"PropertyValueSpecification","valueRequired":true,"valueName":"search_term_string"}}],"inLanguage":"fr-FR"}]}},"_links":{"self":[{"href":"http:\/\/www.skvmusique.org\/index.php\/wp-json\/wp\/v2\/pages\/995","targetHints":{"allow":["GET"]}}],"collection":[{"href":"http:\/\/www.skvmusique.org\/index.php\/wp-json\/wp\/v2\/pages"}],"about":[{"href":"http:\/\/www.skvmusique.org\/index.php\/wp-json\/wp\/v2\/types\/page"}],"author":[{"embeddable":true,"href":"http:\/\/www.skvmusique.org\/index.php\/wp-json\/wp\/v2\/users\/1"}],"replies":[{"embeddable":true,"href":"http:\/\/www.skvmusique.org\/index.php\/wp-json\/wp\/v2\/comments?post=995"}],"version-history":[{"count":0,"href":"http:\/\/www.skvmusique.org\/index.php\/wp-json\/wp\/v2\/pages\/995\/revisions"}],"wp:attachment":[{"href":"http:\/\/www.skvmusique.org\/index.php\/wp-json\/wp\/v2\/media?parent=995"}],"curies":[{"name":"wp","href":"https:\/\/api.w.org\/{rel}","templated":true}]}}