{"id":515,"date":"2015-05-30T21:46:46","date_gmt":"2015-05-30T21:46:46","guid":{"rendered":"http:\/\/skvmusique.org\/?page_id=515"},"modified":"2015-05-30T21:46:46","modified_gmt":"2015-05-30T21:46:46","slug":"rencontre-skv-et-danserien-ar-goued","status":"publish","type":"page","link":"http:\/\/www.skvmusique.org\/index.php\/boite-a-images\/rencontre-skv-et-danserien-ar-goued\/","title":{"rendered":"Rencontre SKV et Da\u00f1serien ar Goued"},"content":{"rendered":"<h2 style=\"text-align: center;\">Les \u00e9l\u00e8ves de SKV font danser les \u00e9l\u00e8ves de Da\u00f1serien ar Goued<\/h2>\n<p style=\"text-align: justify;\">Mercredi 27 mai 2015 , les \u00e9l\u00e8ves deSKV et <a href=\"http:\/\/plerin.kendalch.com\/pages\/degemenn\">Da\u00f1serien ar Goued<\/a> se sont retrouv\u00e9s salle Edelweiss \u00e0 Pl\u00e9rin pour jouer et danser autour d\u2019un r\u00e9pertoire de musique traditionnelle bretonne.<\/p>\n<p><a href=\"http:\/\/skvmusique.org\/wp-content\/uploads\/2015\/05\/IMG_9528.jpg\"><img loading=\"lazy\" decoding=\"async\" class=\"alignleft size-thumbnail wp-image-484\" src=\"http:\/\/skvmusique.org\/wp-content\/uploads\/2015\/05\/IMG_9528-150x150.jpg\" alt=\"SKV Da\u00f1serien ar Goued\" width=\"150\" height=\"150\" \/><\/a> <a href=\"http:\/\/skvmusique.org\/wp-content\/uploads\/2015\/05\/IMG_9566.jpg\"><img loading=\"lazy\" decoding=\"async\" class=\"alignleft size-thumbnail wp-image-524\" src=\"http:\/\/skvmusique.org\/wp-content\/uploads\/2015\/05\/IMG_9566-150x150.jpg\" alt=\"IMG_9566\" width=\"150\" height=\"150\" \/><\/a><\/p>\n<p style=\"text-align: justify;\">Une cinquantaine de personnes, adh\u00e9rents et amis de ces 2 associations, sont venues partager ce moment convivial et \u00e9couter les diff\u00e9rents groupes\u00a0 qui se sont succ\u00e9d\u00e9s.<\/p>\n<p style=\"text-align: justify;\">Pendant 2 h30, les \u00e9l\u00e8ves se sont essay\u00e9s \u00e0 l\u2019animation d\u2019un Fest Noz\u00a0: Un groupe de 5 musiciens ont jou\u00e9 quelques airs bretons, entour\u00e9s des danseurs\u00a0; 5 chanteurs de Kan ha Diskan ont interpr\u00e9t\u00e9 quelques chansons, s\u2019en est suivi un groupe compos\u00e9 d\u2019accord\u00e9ons et violons, 2 trios de chanteurs et chanteuses guid\u00e9s par Ronan Gueblez ont pris le relais sur sc\u00e8ne, puis un groupe de fl\u00fbtes traversi\u00e8res et violons et enfin un couple de sonneurs a cl\u00f4tur\u00e9 ce fest noz.<\/p>\n<figure id=\"attachment_518\" aria-describedby=\"caption-attachment-518\" style=\"width: 150px\" class=\"wp-caption alignleft\"><a href=\"http:\/\/skvmusique.org\/wp-content\/uploads\/2015\/05\/IMG_9467.jpg\"><img loading=\"lazy\" decoding=\"async\" class=\"size-thumbnail wp-image-518\" src=\"http:\/\/skvmusique.org\/wp-content\/uploads\/2015\/05\/IMG_9467-150x150.jpg\" alt=\"Photo SKV\" width=\"150\" height=\"150\" \/><\/a><figcaption id=\"caption-attachment-518\" class=\"wp-caption-text\">Photo SKV<\/figcaption><\/figure>\n<p style=\"text-align: justify;\">Un r\u00e9pertoire vari\u00e9, des musiciens de toutes g\u00e9n\u00e9rations et des danseurs aguerris, tous les ingr\u00e9dients \u00e9taient r\u00e9unis pour passer un agr\u00e9able mercredi soir.<\/p>\n<p style=\"text-align: justify;\">\n","protected":false},"excerpt":{"rendered":"<p>Les \u00e9l\u00e8ves de SKV font danser les \u00e9l\u00e8ves de Da\u00f1serien ar Goued Mercredi 27 mai 2015 , les \u00e9l\u00e8ves deSKV et Da\u00f1serien ar Goued se sont retrouv\u00e9s salle Edelweiss \u00e0 Pl\u00e9rin pour jouer et danser autour d\u2019un r\u00e9pertoire de musique traditionnelle bretonne. Une cinquantaine de personnes, adh\u00e9rents et amis de ces 2 associations, sont venues &hellip; <a href=\"http:\/\/www.skvmusique.org\/index.php\/boite-a-images\/rencontre-skv-et-danserien-ar-goued\/\" class=\"more-link\">Continuer la lecture de <span class=\"screen-reader-text\">Rencontre SKV et Da\u00f1serien ar Goued<\/span><\/a><\/p>\n","protected":false},"author":1,"featured_media":0,"parent":336,"menu_order":0,"comment_status":"closed","ping_status":"open","template":"","meta":{"footnotes":""},"class_list":["post-515","page","type-page","status-publish","hentry"],"yoast_head":"<!-- This site is optimized with the Yoast SEO plugin v25.9 - https:\/\/yoast.com\/wordpress\/plugins\/seo\/ -->\n<title>Rencontre SKV et Da\u00f1serien ar Goued - SKV Ecole de musique traditionnelle \u00e0 Saint Brieuc<\/title>\n<meta name=\"description\" content=\"Recontre entre les \u00e9l\u00e8ves musiciens et chanteurs de SKV Saint Brieuc et Da\u00f1serien ar Goued, cercle de danse bretonne de Pl\u00e9rin.\" \/>\n<meta name=\"robots\" content=\"index, follow, max-snippet:-1, max-image-preview:large, max-video-preview:-1\" \/>\n<link rel=\"canonical\" href=\"http:\/\/www.skvmusique.org\/index.php\/boite-a-images\/rencontre-skv-et-danserien-ar-goued\/\" \/>\n<meta property=\"og:locale\" content=\"fr_FR\" \/>\n<meta property=\"og:type\" content=\"article\" \/>\n<meta property=\"og:title\" content=\"Rencontre SKV et Da\u00f1serien ar Goued\" \/>\n<meta property=\"og:description\" content=\"Recontre entre les \u00e9l\u00e8ves musiciens et chanteurs de SKV Saint Brieuc et Da\u00f1serien ar Goued, cercle de danse bretonne de Pl\u00e9rin.\" \/>\n<meta property=\"og:url\" content=\"http:\/\/www.skvmusique.org\/index.php\/boite-a-images\/rencontre-skv-et-danserien-ar-goued\/\" \/>\n<meta property=\"og:site_name\" content=\"SKV Ecole de musique traditionnelle \u00e0 Saint Brieuc\" \/>\n<meta property=\"og:image\" content=\"http:\/\/skvmusique.org\/wp-content\/uploads\/2015\/05\/IMG_9566.jpg\" \/>\n<meta name=\"twitter:card\" content=\"summary_large_image\" \/>\n<meta name=\"twitter:title\" content=\"Rencontre SKV et Da\u00f1serien ar Goued\" \/>\n<meta name=\"twitter:description\" content=\"Recontre entre les \u00e9l\u00e8ves musiciens et chanteurs de SKV Saint Brieuc et Da\u00f1serien ar Goued, cercle de danse bretonne de Pl\u00e9rin.\" \/>\n<meta name=\"twitter:image\" content=\"http:\/\/skvmusique.org\/wp-content\/uploads\/2015\/05\/IMG_9566.jpg\" \/>\n<meta name=\"twitter:label1\" content=\"Dur\u00e9e de lecture estim\u00e9e\" \/>\n\t<meta name=\"twitter:data1\" content=\"1 minute\" \/>\n<script type=\"application\/ld+json\" class=\"yoast-schema-graph\">{\"@context\":\"https:\/\/schema.org\",\"@graph\":[{\"@type\":\"WebPage\",\"@id\":\"http:\/\/www.skvmusique.org\/index.php\/boite-a-images\/rencontre-skv-et-danserien-ar-goued\/\",\"url\":\"http:\/\/www.skvmusique.org\/index.php\/boite-a-images\/rencontre-skv-et-danserien-ar-goued\/\",\"name\":\"Rencontre SKV et Da\u00f1serien ar Goued - SKV Ecole de musique traditionnelle \u00e0 Saint Brieuc\",\"isPartOf\":{\"@id\":\"http:\/\/www.skvmusique.org\/#website\"},\"primaryImageOfPage\":{\"@id\":\"http:\/\/www.skvmusique.org\/index.php\/boite-a-images\/rencontre-skv-et-danserien-ar-goued\/#primaryimage\"},\"image\":{\"@id\":\"http:\/\/www.skvmusique.org\/index.php\/boite-a-images\/rencontre-skv-et-danserien-ar-goued\/#primaryimage\"},\"thumbnailUrl\":\"http:\/\/skvmusique.org\/wp-content\/uploads\/2015\/05\/IMG_9528-150x150.jpg\",\"datePublished\":\"2015-05-30T21:46:46+00:00\",\"description\":\"Recontre entre les \u00e9l\u00e8ves musiciens et chanteurs de SKV Saint Brieuc et Da\u00f1serien ar Goued, cercle de danse bretonne de Pl\u00e9rin.\",\"breadcrumb\":{\"@id\":\"http:\/\/www.skvmusique.org\/index.php\/boite-a-images\/rencontre-skv-et-danserien-ar-goued\/#breadcrumb\"},\"inLanguage\":\"fr-FR\",\"potentialAction\":[{\"@type\":\"ReadAction\",\"target\":[\"http:\/\/www.skvmusique.org\/index.php\/boite-a-images\/rencontre-skv-et-danserien-ar-goued\/\"]}]},{\"@type\":\"ImageObject\",\"inLanguage\":\"fr-FR\",\"@id\":\"http:\/\/www.skvmusique.org\/index.php\/boite-a-images\/rencontre-skv-et-danserien-ar-goued\/#primaryimage\",\"url\":\"http:\/\/skvmusique.org\/wp-content\/uploads\/2015\/05\/IMG_9528-150x150.jpg\",\"contentUrl\":\"http:\/\/skvmusique.org\/wp-content\/uploads\/2015\/05\/IMG_9528-150x150.jpg\"},{\"@type\":\"BreadcrumbList\",\"@id\":\"http:\/\/www.skvmusique.org\/index.php\/boite-a-images\/rencontre-skv-et-danserien-ar-goued\/#breadcrumb\",\"itemListElement\":[{\"@type\":\"ListItem\",\"position\":1,\"name\":\"Accueil\",\"item\":\"http:\/\/www.skvmusique.org\/\"},{\"@type\":\"ListItem\",\"position\":2,\"name\":\"Bo\u00eete \u00e0 images\",\"item\":\"http:\/\/www.skvmusique.org\/index.php\/boite-a-images\/\"},{\"@type\":\"ListItem\",\"position\":3,\"name\":\"Rencontre SKV et Da\u00f1serien ar Goued\"}]},{\"@type\":\"WebSite\",\"@id\":\"http:\/\/www.skvmusique.org\/#website\",\"url\":\"http:\/\/www.skvmusique.org\/\",\"name\":\"SKV Ecole de musique traditionnelle \u00e0 Saint Brieuc\",\"description\":\"SKV -  Sonerien ha Kanerien vreizh\",\"potentialAction\":[{\"@type\":\"SearchAction\",\"target\":{\"@type\":\"EntryPoint\",\"urlTemplate\":\"http:\/\/www.skvmusique.org\/?s={search_term_string}\"},\"query-input\":{\"@type\":\"PropertyValueSpecification\",\"valueRequired\":true,\"valueName\":\"search_term_string\"}}],\"inLanguage\":\"fr-FR\"}]}<\/script>\n<!-- \/ Yoast SEO plugin. -->","yoast_head_json":{"title":"Rencontre SKV et Da\u00f1serien ar Goued - SKV Ecole de musique traditionnelle \u00e0 Saint Brieuc","description":"Recontre entre les \u00e9l\u00e8ves musiciens et chanteurs de SKV Saint Brieuc et Da\u00f1serien ar Goued, cercle de danse bretonne de Pl\u00e9rin.","robots":{"index":"index","follow":"follow","max-snippet":"max-snippet:-1","max-image-preview":"max-image-preview:large","max-video-preview":"max-video-preview:-1"},"canonical":"http:\/\/www.skvmusique.org\/index.php\/boite-a-images\/rencontre-skv-et-danserien-ar-goued\/","og_locale":"fr_FR","og_type":"article","og_title":"Rencontre SKV et Da\u00f1serien ar Goued","og_description":"Recontre entre les \u00e9l\u00e8ves musiciens et chanteurs de SKV Saint Brieuc et Da\u00f1serien ar Goued, cercle de danse bretonne de Pl\u00e9rin.","og_url":"http:\/\/www.skvmusique.org\/index.php\/boite-a-images\/rencontre-skv-et-danserien-ar-goued\/","og_site_name":"SKV Ecole de musique traditionnelle \u00e0 Saint Brieuc","og_image":[{"url":"http:\/\/skvmusique.org\/wp-content\/uploads\/2015\/05\/IMG_9566.jpg","type":"","width":"","height":""}],"twitter_card":"summary_large_image","twitter_title":"Rencontre SKV et Da\u00f1serien ar Goued","twitter_description":"Recontre entre les \u00e9l\u00e8ves musiciens et chanteurs de SKV Saint Brieuc et Da\u00f1serien ar Goued, cercle de danse bretonne de Pl\u00e9rin.","twitter_image":"http:\/\/skvmusique.org\/wp-content\/uploads\/2015\/05\/IMG_9566.jpg","twitter_misc":{"Dur\u00e9e de lecture estim\u00e9e":"1 minute"},"schema":{"@context":"https:\/\/schema.org","@graph":[{"@type":"WebPage","@id":"http:\/\/www.skvmusique.org\/index.php\/boite-a-images\/rencontre-skv-et-danserien-ar-goued\/","url":"http:\/\/www.skvmusique.org\/index.php\/boite-a-images\/rencontre-skv-et-danserien-ar-goued\/","name":"Rencontre SKV et Da\u00f1serien ar Goued - SKV Ecole de musique traditionnelle \u00e0 Saint Brieuc","isPartOf":{"@id":"http:\/\/www.skvmusique.org\/#website"},"primaryImageOfPage":{"@id":"http:\/\/www.skvmusique.org\/index.php\/boite-a-images\/rencontre-skv-et-danserien-ar-goued\/#primaryimage"},"image":{"@id":"http:\/\/www.skvmusique.org\/index.php\/boite-a-images\/rencontre-skv-et-danserien-ar-goued\/#primaryimage"},"thumbnailUrl":"http:\/\/skvmusique.org\/wp-content\/uploads\/2015\/05\/IMG_9528-150x150.jpg","datePublished":"2015-05-30T21:46:46+00:00","description":"Recontre entre les \u00e9l\u00e8ves musiciens et chanteurs de SKV Saint Brieuc et Da\u00f1serien ar Goued, cercle de danse bretonne de Pl\u00e9rin.","breadcrumb":{"@id":"http:\/\/www.skvmusique.org\/index.php\/boite-a-images\/rencontre-skv-et-danserien-ar-goued\/#breadcrumb"},"inLanguage":"fr-FR","potentialAction":[{"@type":"ReadAction","target":["http:\/\/www.skvmusique.org\/index.php\/boite-a-images\/rencontre-skv-et-danserien-ar-goued\/"]}]},{"@type":"ImageObject","inLanguage":"fr-FR","@id":"http:\/\/www.skvmusique.org\/index.php\/boite-a-images\/rencontre-skv-et-danserien-ar-goued\/#primaryimage","url":"http:\/\/skvmusique.org\/wp-content\/uploads\/2015\/05\/IMG_9528-150x150.jpg","contentUrl":"http:\/\/skvmusique.org\/wp-content\/uploads\/2015\/05\/IMG_9528-150x150.jpg"},{"@type":"BreadcrumbList","@id":"http:\/\/www.skvmusique.org\/index.php\/boite-a-images\/rencontre-skv-et-danserien-ar-goued\/#breadcrumb","itemListElement":[{"@type":"ListItem","position":1,"name":"Accueil","item":"http:\/\/www.skvmusique.org\/"},{"@type":"ListItem","position":2,"name":"Bo\u00eete \u00e0 images","item":"http:\/\/www.skvmusique.org\/index.php\/boite-a-images\/"},{"@type":"ListItem","position":3,"name":"Rencontre SKV et Da\u00f1serien ar Goued"}]},{"@type":"WebSite","@id":"http:\/\/www.skvmusique.org\/#website","url":"http:\/\/www.skvmusique.org\/","name":"SKV Ecole de musique traditionnelle \u00e0 Saint Brieuc","description":"SKV -  Sonerien ha Kanerien vreizh","potentialAction":[{"@type":"SearchAction","target":{"@type":"EntryPoint","urlTemplate":"http:\/\/www.skvmusique.org\/?s={search_term_string}"},"query-input":{"@type":"PropertyValueSpecification","valueRequired":true,"valueName":"search_term_string"}}],"inLanguage":"fr-FR"}]}},"_links":{"self":[{"href":"http:\/\/www.skvmusique.org\/index.php\/wp-json\/wp\/v2\/pages\/515","targetHints":{"allow":["GET"]}}],"collection":[{"href":"http:\/\/www.skvmusique.org\/index.php\/wp-json\/wp\/v2\/pages"}],"about":[{"href":"http:\/\/www.skvmusique.org\/index.php\/wp-json\/wp\/v2\/types\/page"}],"author":[{"embeddable":true,"href":"http:\/\/www.skvmusique.org\/index.php\/wp-json\/wp\/v2\/users\/1"}],"replies":[{"embeddable":true,"href":"http:\/\/www.skvmusique.org\/index.php\/wp-json\/wp\/v2\/comments?post=515"}],"version-history":[{"count":0,"href":"http:\/\/www.skvmusique.org\/index.php\/wp-json\/wp\/v2\/pages\/515\/revisions"}],"up":[{"embeddable":true,"href":"http:\/\/www.skvmusique.org\/index.php\/wp-json\/wp\/v2\/pages\/336"}],"wp:attachment":[{"href":"http:\/\/www.skvmusique.org\/index.php\/wp-json\/wp\/v2\/media?parent=515"}],"curies":[{"name":"wp","href":"https:\/\/api.w.org\/{rel}","templated":true}]}}