{"id":333,"date":"2015-05-07T21:40:45","date_gmt":"2015-05-07T21:40:45","guid":{"rendered":"http:\/\/skvmusique.org\/?page_id=333"},"modified":"2024-06-05T17:15:09","modified_gmt":"2024-06-05T15:15:09","slug":"liens","status":"publish","type":"page","link":"http:\/\/www.skvmusique.org\/index.php\/liens\/","title":{"rendered":"Liens partenaires"},"content":{"rendered":"<p style=\"text-align: justify;\"><a href=\"https:\/\/www.tiarvro-santbrieg.bzh\" target=\"_blank\" rel=\"noopener\"><img loading=\"lazy\" decoding=\"async\" class=\"alignleft wp-image-2355\" src=\"http:\/\/www.skvmusique.org\/wp-content\/uploads\/2021\/06\/logo-telenn-2-VALIDE_Plan-de-travail-1-e1577614801976-300x173.png\" alt=\"\" width=\"227\" height=\"131\" srcset=\"http:\/\/www.skvmusique.org\/wp-content\/uploads\/2021\/06\/logo-telenn-2-VALIDE_Plan-de-travail-1-e1577614801976-300x173.png 300w, http:\/\/www.skvmusique.org\/wp-content\/uploads\/2021\/06\/logo-telenn-2-VALIDE_Plan-de-travail-1-e1577614801976-768x444.png 768w, http:\/\/www.skvmusique.org\/wp-content\/uploads\/2021\/06\/logo-telenn-2-VALIDE_Plan-de-travail-1-e1577614801976-1024x591.png 1024w\" sizes=\"auto, (max-width: 227px) 100vw, 227px\" \/><\/a> &nbsp; &nbsp;Telenn, f\u00e9d\u00e9ration des associations &nbsp;culturelles bretonnes du Pays de Saint-Brieuc, et Saint-Brieuc agglom\u00e9ration.<\/p>\n<p style=\"text-align: justify;\"><a href=\"http:\/\/www.dastum.bzh\/\"><img loading=\"lazy\" decoding=\"async\" class=\"wp-image-754 alignright\" src=\"http:\/\/skvmusique.org\/wp-content\/uploads\/2015\/05\/LogoDastum_noir-web1-900x600-300x200.jpg\" alt=\"LogoDastum_noir-web1-900x600\" width=\"162\" height=\"108\"><\/a><span style=\"color: #000000;\">Association dont la mission est de collecter, sauvegarder et diffuser le patrimoine oral de l\u2019ensemble de la Bretagne historique&nbsp;: chansons, musiques, contes, l\u00e9gendes, histoires, proverbes, dictons, r\u00e9cits, t\u00e9moignages&#8230;<\/span><\/p>\n<p style=\"text-align: justify;\"><a href=\"http:\/\/www.tamm-kreiz.bzh\/\"><img loading=\"lazy\" decoding=\"async\" class=\"wp-image-755 alignleft\" src=\"http:\/\/skvmusique.org\/wp-content\/uploads\/2015\/05\/6b5376bac7-300x125.jpg\" alt=\"6b5376bac7\" width=\"182\" height=\"76\"><\/a>A<span style=\"color: #000000;\">genda des festo\u00f9-noz et festo\u00f9-deiz, des informations sur les groupes, les artistes, un espace formation pour retrouver les stages et cours li\u00e9s \u00e0 la culture bretonne&#8230;<\/span><\/p>\n","protected":false},"excerpt":{"rendered":"<p>&nbsp; &nbsp;Telenn, f\u00e9d\u00e9ration des associations &nbsp;culturelles bretonnes du Pays de Saint-Brieuc, et Saint-Brieuc agglom\u00e9ration. Association dont la mission est de collecter, sauvegarder et diffuser le patrimoine oral de l\u2019ensemble de la Bretagne historique&nbsp;: chansons, musiques, contes, l\u00e9gendes, histoires, proverbes, dictons, r\u00e9cits, t\u00e9moignages&#8230; Agenda des festo\u00f9-noz et festo\u00f9-deiz, des informations sur les groupes, les artistes, un &hellip; <a href=\"http:\/\/www.skvmusique.org\/index.php\/liens\/\" class=\"more-link\">Continuer la lecture de <span class=\"screen-reader-text\">Liens partenaires<\/span><\/a><\/p>\n","protected":false},"author":1,"featured_media":0,"parent":0,"menu_order":0,"comment_status":"open","ping_status":"open","template":"","meta":{"footnotes":""},"class_list":["post-333","page","type-page","status-publish","hentry"],"yoast_head":"<!-- This site is optimized with the Yoast SEO plugin v25.9 - https:\/\/yoast.com\/wordpress\/plugins\/seo\/ -->\n<title>Liens partenaires - SKV Ecole de musique traditionnelle \u00e0 Saint Brieuc<\/title>\n<meta name=\"robots\" content=\"index, follow, max-snippet:-1, max-image-preview:large, max-video-preview:-1\" \/>\n<link rel=\"canonical\" href=\"http:\/\/www.skvmusique.org\/index.php\/liens\/\" \/>\n<meta property=\"og:locale\" content=\"fr_FR\" \/>\n<meta property=\"og:type\" content=\"article\" \/>\n<meta property=\"og:title\" content=\"Liens partenaires - SKV Ecole de musique traditionnelle \u00e0 Saint Brieuc\" \/>\n<meta property=\"og:description\" content=\"&nbsp; &nbsp;Telenn, f\u00e9d\u00e9ration des associations &nbsp;culturelles bretonnes du Pays de Saint-Brieuc, et Saint-Brieuc agglom\u00e9ration. Association dont la mission est de collecter, sauvegarder et diffuser le patrimoine oral de l\u2019ensemble de la Bretagne historique&nbsp;: chansons, musiques, contes, l\u00e9gendes, histoires, proverbes, dictons, r\u00e9cits, t\u00e9moignages&#8230; Agenda des festo\u00f9-noz et festo\u00f9-deiz, des informations sur les groupes, les artistes, un &hellip; Continuer la lecture de Liens partenaires\" \/>\n<meta property=\"og:url\" content=\"http:\/\/www.skvmusique.org\/index.php\/liens\/\" \/>\n<meta property=\"og:site_name\" content=\"SKV Ecole de musique traditionnelle \u00e0 Saint Brieuc\" \/>\n<meta property=\"article:modified_time\" content=\"2024-06-05T15:15:09+00:00\" \/>\n<meta property=\"og:image\" content=\"http:\/\/www.skvmusique.org\/wp-content\/uploads\/2021\/06\/logo-telenn-2-VALIDE_Plan-de-travail-1-e1577614801976-300x173.png\" \/>\n<meta name=\"twitter:card\" content=\"summary_large_image\" \/>\n<script type=\"application\/ld+json\" class=\"yoast-schema-graph\">{\"@context\":\"https:\/\/schema.org\",\"@graph\":[{\"@type\":\"WebPage\",\"@id\":\"http:\/\/www.skvmusique.org\/index.php\/liens\/\",\"url\":\"http:\/\/www.skvmusique.org\/index.php\/liens\/\",\"name\":\"Liens partenaires - SKV Ecole de musique traditionnelle \u00e0 Saint Brieuc\",\"isPartOf\":{\"@id\":\"http:\/\/www.skvmusique.org\/#website\"},\"primaryImageOfPage\":{\"@id\":\"http:\/\/www.skvmusique.org\/index.php\/liens\/#primaryimage\"},\"image\":{\"@id\":\"http:\/\/www.skvmusique.org\/index.php\/liens\/#primaryimage\"},\"thumbnailUrl\":\"http:\/\/www.skvmusique.org\/wp-content\/uploads\/2021\/06\/logo-telenn-2-VALIDE_Plan-de-travail-1-e1577614801976-300x173.png\",\"datePublished\":\"2015-05-07T21:40:45+00:00\",\"dateModified\":\"2024-06-05T15:15:09+00:00\",\"breadcrumb\":{\"@id\":\"http:\/\/www.skvmusique.org\/index.php\/liens\/#breadcrumb\"},\"inLanguage\":\"fr-FR\",\"potentialAction\":[{\"@type\":\"ReadAction\",\"target\":[\"http:\/\/www.skvmusique.org\/index.php\/liens\/\"]}]},{\"@type\":\"ImageObject\",\"inLanguage\":\"fr-FR\",\"@id\":\"http:\/\/www.skvmusique.org\/index.php\/liens\/#primaryimage\",\"url\":\"http:\/\/www.skvmusique.org\/wp-content\/uploads\/2021\/06\/logo-telenn-2-VALIDE_Plan-de-travail-1-e1577614801976.png\",\"contentUrl\":\"http:\/\/www.skvmusique.org\/wp-content\/uploads\/2021\/06\/logo-telenn-2-VALIDE_Plan-de-travail-1-e1577614801976.png\",\"width\":3757,\"height\":2170},{\"@type\":\"BreadcrumbList\",\"@id\":\"http:\/\/www.skvmusique.org\/index.php\/liens\/#breadcrumb\",\"itemListElement\":[{\"@type\":\"ListItem\",\"position\":1,\"name\":\"Accueil\",\"item\":\"http:\/\/www.skvmusique.org\/\"},{\"@type\":\"ListItem\",\"position\":2,\"name\":\"Liens partenaires\"}]},{\"@type\":\"WebSite\",\"@id\":\"http:\/\/www.skvmusique.org\/#website\",\"url\":\"http:\/\/www.skvmusique.org\/\",\"name\":\"SKV Ecole de musique traditionnelle \u00e0 Saint Brieuc\",\"description\":\"SKV -  Sonerien ha Kanerien vreizh\",\"potentialAction\":[{\"@type\":\"SearchAction\",\"target\":{\"@type\":\"EntryPoint\",\"urlTemplate\":\"http:\/\/www.skvmusique.org\/?s={search_term_string}\"},\"query-input\":{\"@type\":\"PropertyValueSpecification\",\"valueRequired\":true,\"valueName\":\"search_term_string\"}}],\"inLanguage\":\"fr-FR\"}]}<\/script>\n<!-- \/ Yoast SEO plugin. -->","yoast_head_json":{"title":"Liens partenaires - SKV Ecole de musique traditionnelle \u00e0 Saint Brieuc","robots":{"index":"index","follow":"follow","max-snippet":"max-snippet:-1","max-image-preview":"max-image-preview:large","max-video-preview":"max-video-preview:-1"},"canonical":"http:\/\/www.skvmusique.org\/index.php\/liens\/","og_locale":"fr_FR","og_type":"article","og_title":"Liens partenaires - SKV Ecole de musique traditionnelle \u00e0 Saint Brieuc","og_description":"&nbsp; &nbsp;Telenn, f\u00e9d\u00e9ration des associations &nbsp;culturelles bretonnes du Pays de Saint-Brieuc, et Saint-Brieuc agglom\u00e9ration. Association dont la mission est de collecter, sauvegarder et diffuser le patrimoine oral de l\u2019ensemble de la Bretagne historique&nbsp;: chansons, musiques, contes, l\u00e9gendes, histoires, proverbes, dictons, r\u00e9cits, t\u00e9moignages&#8230; Agenda des festo\u00f9-noz et festo\u00f9-deiz, des informations sur les groupes, les artistes, un &hellip; Continuer la lecture de Liens partenaires","og_url":"http:\/\/www.skvmusique.org\/index.php\/liens\/","og_site_name":"SKV Ecole de musique traditionnelle \u00e0 Saint Brieuc","article_modified_time":"2024-06-05T15:15:09+00:00","og_image":[{"url":"http:\/\/www.skvmusique.org\/wp-content\/uploads\/2021\/06\/logo-telenn-2-VALIDE_Plan-de-travail-1-e1577614801976-300x173.png","type":"","width":"","height":""}],"twitter_card":"summary_large_image","schema":{"@context":"https:\/\/schema.org","@graph":[{"@type":"WebPage","@id":"http:\/\/www.skvmusique.org\/index.php\/liens\/","url":"http:\/\/www.skvmusique.org\/index.php\/liens\/","name":"Liens partenaires - SKV Ecole de musique traditionnelle \u00e0 Saint Brieuc","isPartOf":{"@id":"http:\/\/www.skvmusique.org\/#website"},"primaryImageOfPage":{"@id":"http:\/\/www.skvmusique.org\/index.php\/liens\/#primaryimage"},"image":{"@id":"http:\/\/www.skvmusique.org\/index.php\/liens\/#primaryimage"},"thumbnailUrl":"http:\/\/www.skvmusique.org\/wp-content\/uploads\/2021\/06\/logo-telenn-2-VALIDE_Plan-de-travail-1-e1577614801976-300x173.png","datePublished":"2015-05-07T21:40:45+00:00","dateModified":"2024-06-05T15:15:09+00:00","breadcrumb":{"@id":"http:\/\/www.skvmusique.org\/index.php\/liens\/#breadcrumb"},"inLanguage":"fr-FR","potentialAction":[{"@type":"ReadAction","target":["http:\/\/www.skvmusique.org\/index.php\/liens\/"]}]},{"@type":"ImageObject","inLanguage":"fr-FR","@id":"http:\/\/www.skvmusique.org\/index.php\/liens\/#primaryimage","url":"http:\/\/www.skvmusique.org\/wp-content\/uploads\/2021\/06\/logo-telenn-2-VALIDE_Plan-de-travail-1-e1577614801976.png","contentUrl":"http:\/\/www.skvmusique.org\/wp-content\/uploads\/2021\/06\/logo-telenn-2-VALIDE_Plan-de-travail-1-e1577614801976.png","width":3757,"height":2170},{"@type":"BreadcrumbList","@id":"http:\/\/www.skvmusique.org\/index.php\/liens\/#breadcrumb","itemListElement":[{"@type":"ListItem","position":1,"name":"Accueil","item":"http:\/\/www.skvmusique.org\/"},{"@type":"ListItem","position":2,"name":"Liens partenaires"}]},{"@type":"WebSite","@id":"http:\/\/www.skvmusique.org\/#website","url":"http:\/\/www.skvmusique.org\/","name":"SKV Ecole de musique traditionnelle \u00e0 Saint Brieuc","description":"SKV -  Sonerien ha Kanerien vreizh","potentialAction":[{"@type":"SearchAction","target":{"@type":"EntryPoint","urlTemplate":"http:\/\/www.skvmusique.org\/?s={search_term_string}"},"query-input":{"@type":"PropertyValueSpecification","valueRequired":true,"valueName":"search_term_string"}}],"inLanguage":"fr-FR"}]}},"_links":{"self":[{"href":"http:\/\/www.skvmusique.org\/index.php\/wp-json\/wp\/v2\/pages\/333","targetHints":{"allow":["GET"]}}],"collection":[{"href":"http:\/\/www.skvmusique.org\/index.php\/wp-json\/wp\/v2\/pages"}],"about":[{"href":"http:\/\/www.skvmusique.org\/index.php\/wp-json\/wp\/v2\/types\/page"}],"author":[{"embeddable":true,"href":"http:\/\/www.skvmusique.org\/index.php\/wp-json\/wp\/v2\/users\/1"}],"replies":[{"embeddable":true,"href":"http:\/\/www.skvmusique.org\/index.php\/wp-json\/wp\/v2\/comments?post=333"}],"version-history":[{"count":4,"href":"http:\/\/www.skvmusique.org\/index.php\/wp-json\/wp\/v2\/pages\/333\/revisions"}],"predecessor-version":[{"id":2690,"href":"http:\/\/www.skvmusique.org\/index.php\/wp-json\/wp\/v2\/pages\/333\/revisions\/2690"}],"wp:attachment":[{"href":"http:\/\/www.skvmusique.org\/index.php\/wp-json\/wp\/v2\/media?parent=333"}],"curies":[{"name":"wp","href":"https:\/\/api.w.org\/{rel}","templated":true}]}}

<p style="text-align: justify;"><a href="https://www.tiarvro-santbrieg.bzh" target="_blank" rel="noopener"><img loading="lazy" decoding="async" class="alignleft wp-image-2355" src="http://www.skvmusique.org/wp-content/uploads/2021/06/logo-telenn-2-VALIDE_Plan-de-travail-1-e1577614801976-300x173.png" alt="" width="227" height="131" srcset="http://www.skvmusique.org/wp-content/uploads/2021/06/logo-telenn-2-VALIDE_Plan-de-travail-1-e1577614801976-300x173.png 300w, http://www.skvmusique.org/wp-content/uploads/2021/06/logo-telenn-2-VALIDE_Plan-de-travail-1-e1577614801976-768x444.png 768w, http://www.skvmusique.org/wp-content/uploads/2021/06/logo-telenn-2-VALIDE_Plan-de-travail-1-e1577614801976-1024x591.png 1024w" sizes="auto, (max-width: 227px) 100vw, 227px" /></a> &nbsp; &nbsp;Telenn, fédération des associations &nbsp;culturelles bretonnes du Pays de Saint-Brieuc, et Saint-Brieuc agglomération.</p>
<p style="text-align: justify;"><a href="http://www.dastum.bzh/"><img loading="lazy" decoding="async" class="wp-image-754 alignright" src="http://skvmusique.org/wp-content/uploads/2015/05/LogoDastum_noir-web1-900x600-300x200.jpg" alt="LogoDastum_noir-web1-900x600" width="162" height="108"></a><span style="color: #000000;">Association dont la mission est de collecter, sauvegarder et diffuser le patrimoine oral de l’ensemble de la Bretagne historique&nbsp;: chansons, musiques, contes, légendes, histoires, proverbes, dictons, récits, témoignages&#8230;</span></p>
<p style="text-align: justify;"><a href="http://www.tamm-kreiz.bzh/"><img loading="lazy" decoding="async" class="wp-image-755 alignleft" src="http://skvmusique.org/wp-content/uploads/2015/05/6b5376bac7-300x125.jpg" alt="6b5376bac7" width="182" height="76"></a>A<span style="color: #000000;">genda des festoù-noz et festoù-deiz, des informations sur les groupes, les artistes, un espace formation pour retrouver les stages et cours liés à la culture bretonne&#8230;</span></p>

<p>&nbsp; &nbsp;Telenn, fédération des associations &nbsp;culturelles bretonnes du Pays de Saint-Brieuc, et Saint-Brieuc agglomération. Association dont la mission est de collecter, sauvegarder et diffuser le patrimoine oral de l’ensemble de la Bretagne historique&nbsp;: chansons, musiques, contes, légendes, histoires, proverbes, dictons, récits, témoignages&#8230; Agenda des festoù-noz et festoù-deiz, des informations sur les groupes, les artistes, un &hellip; <a href="http://www.skvmusique.org/index.php/liens/" class="more-link">Continuer la lecture de <span class="screen-reader-text">Liens partenaires</span></a></p>

<!-- This site is optimized with the Yoast SEO plugin v25.9 - https://yoast.com/wordpress/plugins/seo/ -->
<title>Liens partenaires - SKV Ecole de musique traditionnelle à Saint Brieuc</title>
<meta name="robots" content="index, follow, max-snippet:-1, max-image-preview:large, max-video-preview:-1" />
<link rel="canonical" href="http://www.skvmusique.org/index.php/liens/" />
<meta property="og:locale" content="fr_FR" />
<meta property="og:type" content="article" />
<meta property="og:title" content="Liens partenaires - SKV Ecole de musique traditionnelle à Saint Brieuc" />
<meta property="og:description" content="&nbsp; &nbsp;Telenn, fédération des associations &nbsp;culturelles bretonnes du Pays de Saint-Brieuc, et Saint-Brieuc agglomération. Association dont la mission est de collecter, sauvegarder et diffuser le patrimoine oral de l’ensemble de la Bretagne historique&nbsp;: chansons, musiques, contes, légendes, histoires, proverbes, dictons, récits, témoignages&#8230; Agenda des festoù-noz et festoù-deiz, des informations sur les groupes, les artistes, un &hellip; Continuer la lecture de Liens partenaires" />
<meta property="og:url" content="http://www.skvmusique.org/index.php/liens/" />
<meta property="og:site_name" content="SKV Ecole de musique traditionnelle à Saint Brieuc" />
<meta property="article:modified_time" content="2024-06-05T15:15:09+00:00" />
<meta property="og:image" content="http://www.skvmusique.org/wp-content/uploads/2021/06/logo-telenn-2-VALIDE_Plan-de-travail-1-e1577614801976-300x173.png" />
<meta name="twitter:card" content="summary_large_image" />
<script type="application/ld+json" class="yoast-schema-graph">{"@context":"https://schema.org","@graph":[{"@type":"WebPage","@id":"http://www.skvmusique.org/index.php/liens/","url":"http://www.skvmusique.org/index.php/liens/","name":"Liens partenaires - SKV Ecole de musique traditionnelle à Saint Brieuc","isPartOf":{"@id":"http://www.skvmusique.org/#website"},"primaryImageOfPage":{"@id":"http://www.skvmusique.org/index.php/liens/#primaryimage"},"image":{"@id":"http://www.skvmusique.org/index.php/liens/#primaryimage"},"thumbnailUrl":"http://www.skvmusique.org/wp-content/uploads/2021/06/logo-telenn-2-VALIDE_Plan-de-travail-1-e1577614801976-300x173.png","datePublished":"2015-05-07T21:40:45+00:00","dateModified":"2024-06-05T15:15:09+00:00","breadcrumb":{"@id":"http://www.skvmusique.org/index.php/liens/#breadcrumb"},"inLanguage":"fr-FR","potentialAction":[{"@type":"ReadAction","target":["http://www.skvmusique.org/index.php/liens/"]}]},{"@type":"ImageObject","inLanguage":"fr-FR","@id":"http://www.skvmusique.org/index.php/liens/#primaryimage","url":"http://www.skvmusique.org/wp-content/uploads/2021/06/logo-telenn-2-VALIDE_Plan-de-travail-1-e1577614801976.png","contentUrl":"http://www.skvmusique.org/wp-content/uploads/2021/06/logo-telenn-2-VALIDE_Plan-de-travail-1-e1577614801976.png","width":3757,"height":2170},{"@type":"BreadcrumbList","@id":"http://www.skvmusique.org/index.php/liens/#breadcrumb","itemListElement":[{"@type":"ListItem","position":1,"name":"Accueil","item":"http://www.skvmusique.org/"},{"@type":"ListItem","position":2,"name":"Liens partenaires"}]},{"@type":"WebSite","@id":"http://www.skvmusique.org/#website","url":"http://www.skvmusique.org/","name":"SKV Ecole de musique traditionnelle à Saint Brieuc","description":"SKV -  Sonerien ha Kanerien vreizh","potentialAction":[{"@type":"SearchAction","target":{"@type":"EntryPoint","urlTemplate":"http://www.skvmusique.org/?s={search_term_string}"},"query-input":{"@type":"PropertyValueSpecification","valueRequired":true,"valueName":"search_term_string"}}],"inLanguage":"fr-FR"}]}</script>
<!-- / Yoast SEO plugin. -->

Liens partenaires - SKV Ecole de musique traditionnelle à Saint Brieuc

&nbsp; &nbsp;Telenn, fédération des associations &nbsp;culturelles bretonnes du Pays de Saint-Brieuc, et Saint-Brieuc agglomération. Association dont la mission est de collecter, sauvegarder et diffuser le patrimoine oral de l’ensemble de la Bretagne historique&nbsp;: chansons, musiques, contes, légendes, histoires, proverbes, dictons, récits, témoignages&#8230; Agenda des festoù-noz et festoù-deiz, des informations sur les groupes, les artistes, un &hellip; Continuer la lecture de Liens partenaires

SKV Ecole de musique traditionnelle à Saint Brieuc
