{"id":3023,"date":"2025-03-20T17:22:18","date_gmt":"2025-03-20T16:22:18","guid":{"rendered":"https:\/\/www.skvmusique.org\/?page_id=3023"},"modified":"2025-11-24T18:16:27","modified_gmt":"2025-11-24T17:16:27","slug":"sandra-chalancon","status":"publish","type":"page","link":"http:\/\/www.skvmusique.org\/index.php\/sandra-chalancon\/","title":{"rendered":"Sandra Chalancon"},"content":{"rendered":"\n<h2 class=\"wp-block-heading\">Enseignante pour l&rsquo;atelier chant breton enfant <\/h2>\n\n\n\n<p>Sandra Chalancon a commenc\u00e9 le chant breton en 2018 \u00e0 l\u2019atelier de chant de Cavan. Elle a appris avec plusieurs chanteurs et chanteuses reconnus notamment Louis-Jacques Suignard et Ronan Gu\u00e9blez. <\/p>\n\n\n\n<p>Elle se produit sur sc\u00e8ne avec Armelle Lucas ou Adrien Nicolas.<\/p>\n\n\n\n<p>A c\u00f4t\u00e9 de cette activit\u00e9 musicale, elle est enseignante en maternelle \u00e0 Rostrenen.<br><\/p>\n\n\n\n<p>Les cours de chant kan ha diskan enfants \u00e0 SKV ont pour objectif de faire d\u00e9couvrir aux enfants le chant \u00e0 danser en breton. Les chants abord\u00e9s sont des danses du centre Bretagne (Gavotte, Jibidi, podo\u00f9 fer, polka plinn\u2026).<br>Le cours est donn\u00e9 majoritairement en breton tout en s\u2019adaptant au niveau des enfants.<\/p>\n\n\n<div class=\"wp-block-image\">\n<figure class=\"aligncenter size-large\"><img loading=\"lazy\" decoding=\"async\" width=\"1024\" height=\"461\" src=\"http:\/\/www.skvmusique.org\/wp-content\/uploads\/2025\/11\/20240604_181131-1024x461.jpg\" alt=\"\" class=\"wp-image-3184\" srcset=\"http:\/\/www.skvmusique.org\/wp-content\/uploads\/2025\/11\/20240604_181131-1024x461.jpg 1024w, http:\/\/www.skvmusique.org\/wp-content\/uploads\/2025\/11\/20240604_181131-300x135.jpg 300w, http:\/\/www.skvmusique.org\/wp-content\/uploads\/2025\/11\/20240604_181131-768x346.jpg 768w, http:\/\/www.skvmusique.org\/wp-content\/uploads\/2025\/11\/20240604_181131-1536x691.jpg 1536w, http:\/\/www.skvmusique.org\/wp-content\/uploads\/2025\/11\/20240604_181131-2048x922.jpg 2048w\" sizes=\"auto, (max-width: 1024px) 100vw, 1024px\" \/><\/figure><\/div>","protected":false},"excerpt":{"rendered":"<p>Enseignante pour l&rsquo;atelier chant breton enfant Sandra Chalancon a commenc\u00e9 le chant breton en 2018 \u00e0 l\u2019atelier de chant de Cavan. Elle a appris avec plusieurs chanteurs et chanteuses reconnus notamment Louis-Jacques Suignard et Ronan Gu\u00e9blez. Elle se produit sur sc\u00e8ne avec Armelle Lucas ou Adrien Nicolas. A c\u00f4t\u00e9 de cette activit\u00e9 musicale, elle est &hellip; <a href=\"http:\/\/www.skvmusique.org\/index.php\/sandra-chalancon\/\" class=\"more-link\">Continuer la lecture de <span class=\"screen-reader-text\">Sandra Chalancon<\/span><\/a><\/p>\n","protected":false},"author":1,"featured_media":0,"parent":0,"menu_order":0,"comment_status":"closed","ping_status":"closed","template":"","meta":{"footnotes":""},"class_list":["post-3023","page","type-page","status-publish","hentry"],"yoast_head":"<!-- This site is optimized with the Yoast SEO plugin v25.9 - https:\/\/yoast.com\/wordpress\/plugins\/seo\/ -->\n<title>Sandra Chalancon - SKV Ecole de musique traditionnelle \u00e0 Saint Brieuc<\/title>\n<meta name=\"robots\" content=\"index, follow, max-snippet:-1, max-image-preview:large, max-video-preview:-1\" \/>\n<link rel=\"canonical\" href=\"http:\/\/www.skvmusique.org\/index.php\/sandra-chalancon\/\" \/>\n<meta property=\"og:locale\" content=\"fr_FR\" \/>\n<meta property=\"og:type\" content=\"article\" \/>\n<meta property=\"og:title\" content=\"Sandra Chalancon - SKV Ecole de musique traditionnelle \u00e0 Saint Brieuc\" \/>\n<meta property=\"og:description\" content=\"Enseignante pour l&rsquo;atelier chant breton enfant Sandra Chalancon a commenc\u00e9 le chant breton en 2018 \u00e0 l\u2019atelier de chant de Cavan. Elle a appris avec plusieurs chanteurs et chanteuses reconnus notamment Louis-Jacques Suignard et Ronan Gu\u00e9blez. Elle se produit sur sc\u00e8ne avec Armelle Lucas ou Adrien Nicolas. A c\u00f4t\u00e9 de cette activit\u00e9 musicale, elle est &hellip; Continuer la lecture de Sandra Chalancon\" \/>\n<meta property=\"og:url\" content=\"http:\/\/www.skvmusique.org\/index.php\/sandra-chalancon\/\" \/>\n<meta property=\"og:site_name\" content=\"SKV Ecole de musique traditionnelle \u00e0 Saint Brieuc\" \/>\n<meta property=\"article:modified_time\" content=\"2025-11-24T17:16:27+00:00\" \/>\n<meta property=\"og:image\" content=\"http:\/\/www.skvmusique.org\/wp-content\/uploads\/2025\/11\/20240604_181131-1024x461.jpg\" \/>\n<meta name=\"twitter:card\" content=\"summary_large_image\" \/>\n<meta name=\"twitter:label1\" content=\"Dur\u00e9e de lecture estim\u00e9e\" \/>\n\t<meta name=\"twitter:data1\" content=\"1 minute\" \/>\n<script type=\"application\/ld+json\" class=\"yoast-schema-graph\">{\"@context\":\"https:\/\/schema.org\",\"@graph\":[{\"@type\":\"WebPage\",\"@id\":\"http:\/\/www.skvmusique.org\/index.php\/sandra-chalancon\/\",\"url\":\"http:\/\/www.skvmusique.org\/index.php\/sandra-chalancon\/\",\"name\":\"Sandra Chalancon - SKV Ecole de musique traditionnelle \u00e0 Saint Brieuc\",\"isPartOf\":{\"@id\":\"http:\/\/www.skvmusique.org\/#website\"},\"primaryImageOfPage\":{\"@id\":\"http:\/\/www.skvmusique.org\/index.php\/sandra-chalancon\/#primaryimage\"},\"image\":{\"@id\":\"http:\/\/www.skvmusique.org\/index.php\/sandra-chalancon\/#primaryimage\"},\"thumbnailUrl\":\"http:\/\/www.skvmusique.org\/wp-content\/uploads\/2025\/11\/20240604_181131-1024x461.jpg\",\"datePublished\":\"2025-03-20T16:22:18+00:00\",\"dateModified\":\"2025-11-24T17:16:27+00:00\",\"breadcrumb\":{\"@id\":\"http:\/\/www.skvmusique.org\/index.php\/sandra-chalancon\/#breadcrumb\"},\"inLanguage\":\"fr-FR\",\"potentialAction\":[{\"@type\":\"ReadAction\",\"target\":[\"http:\/\/www.skvmusique.org\/index.php\/sandra-chalancon\/\"]}]},{\"@type\":\"ImageObject\",\"inLanguage\":\"fr-FR\",\"@id\":\"http:\/\/www.skvmusique.org\/index.php\/sandra-chalancon\/#primaryimage\",\"url\":\"http:\/\/www.skvmusique.org\/wp-content\/uploads\/2025\/11\/20240604_181131-scaled.jpg\",\"contentUrl\":\"http:\/\/www.skvmusique.org\/wp-content\/uploads\/2025\/11\/20240604_181131-scaled.jpg\",\"width\":2560,\"height\":1152},{\"@type\":\"BreadcrumbList\",\"@id\":\"http:\/\/www.skvmusique.org\/index.php\/sandra-chalancon\/#breadcrumb\",\"itemListElement\":[{\"@type\":\"ListItem\",\"position\":1,\"name\":\"Accueil\",\"item\":\"http:\/\/www.skvmusique.org\/\"},{\"@type\":\"ListItem\",\"position\":2,\"name\":\"Sandra Chalancon\"}]},{\"@type\":\"WebSite\",\"@id\":\"http:\/\/www.skvmusique.org\/#website\",\"url\":\"http:\/\/www.skvmusique.org\/\",\"name\":\"SKV Ecole de musique traditionnelle \u00e0 Saint Brieuc\",\"description\":\"SKV -  Sonerien ha Kanerien vreizh\",\"potentialAction\":[{\"@type\":\"SearchAction\",\"target\":{\"@type\":\"EntryPoint\",\"urlTemplate\":\"http:\/\/www.skvmusique.org\/?s={search_term_string}\"},\"query-input\":{\"@type\":\"PropertyValueSpecification\",\"valueRequired\":true,\"valueName\":\"search_term_string\"}}],\"inLanguage\":\"fr-FR\"}]}<\/script>\n<!-- \/ Yoast SEO plugin. -->","yoast_head_json":{"title":"Sandra Chalancon - SKV Ecole de musique traditionnelle \u00e0 Saint Brieuc","robots":{"index":"index","follow":"follow","max-snippet":"max-snippet:-1","max-image-preview":"max-image-preview:large","max-video-preview":"max-video-preview:-1"},"canonical":"http:\/\/www.skvmusique.org\/index.php\/sandra-chalancon\/","og_locale":"fr_FR","og_type":"article","og_title":"Sandra Chalancon - SKV Ecole de musique traditionnelle \u00e0 Saint Brieuc","og_description":"Enseignante pour l&rsquo;atelier chant breton enfant Sandra Chalancon a commenc\u00e9 le chant breton en 2018 \u00e0 l\u2019atelier de chant de Cavan. Elle a appris avec plusieurs chanteurs et chanteuses reconnus notamment Louis-Jacques Suignard et Ronan Gu\u00e9blez. Elle se produit sur sc\u00e8ne avec Armelle Lucas ou Adrien Nicolas. A c\u00f4t\u00e9 de cette activit\u00e9 musicale, elle est &hellip; Continuer la lecture de Sandra Chalancon","og_url":"http:\/\/www.skvmusique.org\/index.php\/sandra-chalancon\/","og_site_name":"SKV Ecole de musique traditionnelle \u00e0 Saint Brieuc","article_modified_time":"2025-11-24T17:16:27+00:00","og_image":[{"url":"http:\/\/www.skvmusique.org\/wp-content\/uploads\/2025\/11\/20240604_181131-1024x461.jpg","type":"","width":"","height":""}],"twitter_card":"summary_large_image","twitter_misc":{"Dur\u00e9e de lecture estim\u00e9e":"1 minute"},"schema":{"@context":"https:\/\/schema.org","@graph":[{"@type":"WebPage","@id":"http:\/\/www.skvmusique.org\/index.php\/sandra-chalancon\/","url":"http:\/\/www.skvmusique.org\/index.php\/sandra-chalancon\/","name":"Sandra Chalancon - SKV Ecole de musique traditionnelle \u00e0 Saint Brieuc","isPartOf":{"@id":"http:\/\/www.skvmusique.org\/#website"},"primaryImageOfPage":{"@id":"http:\/\/www.skvmusique.org\/index.php\/sandra-chalancon\/#primaryimage"},"image":{"@id":"http:\/\/www.skvmusique.org\/index.php\/sandra-chalancon\/#primaryimage"},"thumbnailUrl":"http:\/\/www.skvmusique.org\/wp-content\/uploads\/2025\/11\/20240604_181131-1024x461.jpg","datePublished":"2025-03-20T16:22:18+00:00","dateModified":"2025-11-24T17:16:27+00:00","breadcrumb":{"@id":"http:\/\/www.skvmusique.org\/index.php\/sandra-chalancon\/#breadcrumb"},"inLanguage":"fr-FR","potentialAction":[{"@type":"ReadAction","target":["http:\/\/www.skvmusique.org\/index.php\/sandra-chalancon\/"]}]},{"@type":"ImageObject","inLanguage":"fr-FR","@id":"http:\/\/www.skvmusique.org\/index.php\/sandra-chalancon\/#primaryimage","url":"http:\/\/www.skvmusique.org\/wp-content\/uploads\/2025\/11\/20240604_181131-scaled.jpg","contentUrl":"http:\/\/www.skvmusique.org\/wp-content\/uploads\/2025\/11\/20240604_181131-scaled.jpg","width":2560,"height":1152},{"@type":"BreadcrumbList","@id":"http:\/\/www.skvmusique.org\/index.php\/sandra-chalancon\/#breadcrumb","itemListElement":[{"@type":"ListItem","position":1,"name":"Accueil","item":"http:\/\/www.skvmusique.org\/"},{"@type":"ListItem","position":2,"name":"Sandra Chalancon"}]},{"@type":"WebSite","@id":"http:\/\/www.skvmusique.org\/#website","url":"http:\/\/www.skvmusique.org\/","name":"SKV Ecole de musique traditionnelle \u00e0 Saint Brieuc","description":"SKV -  Sonerien ha Kanerien vreizh","potentialAction":[{"@type":"SearchAction","target":{"@type":"EntryPoint","urlTemplate":"http:\/\/www.skvmusique.org\/?s={search_term_string}"},"query-input":{"@type":"PropertyValueSpecification","valueRequired":true,"valueName":"search_term_string"}}],"inLanguage":"fr-FR"}]}},"_links":{"self":[{"href":"http:\/\/www.skvmusique.org\/index.php\/wp-json\/wp\/v2\/pages\/3023","targetHints":{"allow":["GET"]}}],"collection":[{"href":"http:\/\/www.skvmusique.org\/index.php\/wp-json\/wp\/v2\/pages"}],"about":[{"href":"http:\/\/www.skvmusique.org\/index.php\/wp-json\/wp\/v2\/types\/page"}],"author":[{"embeddable":true,"href":"http:\/\/www.skvmusique.org\/index.php\/wp-json\/wp\/v2\/users\/1"}],"replies":[{"embeddable":true,"href":"http:\/\/www.skvmusique.org\/index.php\/wp-json\/wp\/v2\/comments?post=3023"}],"version-history":[{"count":2,"href":"http:\/\/www.skvmusique.org\/index.php\/wp-json\/wp\/v2\/pages\/3023\/revisions"}],"predecessor-version":[{"id":3185,"href":"http:\/\/www.skvmusique.org\/index.php\/wp-json\/wp\/v2\/pages\/3023\/revisions\/3185"}],"wp:attachment":[{"href":"http:\/\/www.skvmusique.org\/index.php\/wp-json\/wp\/v2\/media?parent=3023"}],"curies":[{"name":"wp","href":"https:\/\/api.w.org\/{rel}","templated":true}]}}

<h2 class="wp-block-heading">Enseignante pour l&rsquo;atelier chant breton enfant </h2>



<p>Sandra Chalancon a commencé le chant breton en 2018 à l’atelier de chant de Cavan. Elle a appris avec plusieurs chanteurs et chanteuses reconnus notamment Louis-Jacques Suignard et Ronan Guéblez. </p>



<p>Elle se produit sur scène avec Armelle Lucas ou Adrien Nicolas.</p>



<p>A côté de cette activité musicale, elle est enseignante en maternelle à Rostrenen.<br></p>



<p>Les cours de chant kan ha diskan enfants à SKV ont pour objectif de faire découvrir aux enfants le chant à danser en breton. Les chants abordés sont des danses du centre Bretagne (Gavotte, Jibidi, podoù fer, polka plinn…).<br>Le cours est donné majoritairement en breton tout en s’adaptant au niveau des enfants.</p>


<div class="wp-block-image">
<figure class="aligncenter size-large"><img loading="lazy" decoding="async" width="1024" height="461" src="http://www.skvmusique.org/wp-content/uploads/2025/11/20240604_181131-1024x461.jpg" alt="" class="wp-image-3184" srcset="http://www.skvmusique.org/wp-content/uploads/2025/11/20240604_181131-1024x461.jpg 1024w, http://www.skvmusique.org/wp-content/uploads/2025/11/20240604_181131-300x135.jpg 300w, http://www.skvmusique.org/wp-content/uploads/2025/11/20240604_181131-768x346.jpg 768w, http://www.skvmusique.org/wp-content/uploads/2025/11/20240604_181131-1536x691.jpg 1536w, http://www.skvmusique.org/wp-content/uploads/2025/11/20240604_181131-2048x922.jpg 2048w" sizes="auto, (max-width: 1024px) 100vw, 1024px" /></figure></div>

<p>Enseignante pour l&rsquo;atelier chant breton enfant Sandra Chalancon a commencé le chant breton en 2018 à l’atelier de chant de Cavan. Elle a appris avec plusieurs chanteurs et chanteuses reconnus notamment Louis-Jacques Suignard et Ronan Guéblez. Elle se produit sur scène avec Armelle Lucas ou Adrien Nicolas. A côté de cette activité musicale, elle est &hellip; <a href="http://www.skvmusique.org/index.php/sandra-chalancon/" class="more-link">Continuer la lecture de <span class="screen-reader-text">Sandra Chalancon</span></a></p>

<!-- This site is optimized with the Yoast SEO plugin v25.9 - https://yoast.com/wordpress/plugins/seo/ -->
<title>Sandra Chalancon - SKV Ecole de musique traditionnelle à Saint Brieuc</title>
<meta name="robots" content="index, follow, max-snippet:-1, max-image-preview:large, max-video-preview:-1" />
<link rel="canonical" href="http://www.skvmusique.org/index.php/sandra-chalancon/" />
<meta property="og:locale" content="fr_FR" />
<meta property="og:type" content="article" />
<meta property="og:title" content="Sandra Chalancon - SKV Ecole de musique traditionnelle à Saint Brieuc" />
<meta property="og:description" content="Enseignante pour l&rsquo;atelier chant breton enfant Sandra Chalancon a commencé le chant breton en 2018 à l’atelier de chant de Cavan. Elle a appris avec plusieurs chanteurs et chanteuses reconnus notamment Louis-Jacques Suignard et Ronan Guéblez. Elle se produit sur scène avec Armelle Lucas ou Adrien Nicolas. A côté de cette activité musicale, elle est &hellip; Continuer la lecture de Sandra Chalancon" />
<meta property="og:url" content="http://www.skvmusique.org/index.php/sandra-chalancon/" />
<meta property="og:site_name" content="SKV Ecole de musique traditionnelle à Saint Brieuc" />
<meta property="article:modified_time" content="2025-11-24T17:16:27+00:00" />
<meta property="og:image" content="http://www.skvmusique.org/wp-content/uploads/2025/11/20240604_181131-1024x461.jpg" />
<meta name="twitter:card" content="summary_large_image" />
<meta name="twitter:label1" content="Durée de lecture estimée" />
	<meta name="twitter:data1" content="1 minute" />
<script type="application/ld+json" class="yoast-schema-graph">{"@context":"https://schema.org","@graph":[{"@type":"WebPage","@id":"http://www.skvmusique.org/index.php/sandra-chalancon/","url":"http://www.skvmusique.org/index.php/sandra-chalancon/","name":"Sandra Chalancon - SKV Ecole de musique traditionnelle à Saint Brieuc","isPartOf":{"@id":"http://www.skvmusique.org/#website"},"primaryImageOfPage":{"@id":"http://www.skvmusique.org/index.php/sandra-chalancon/#primaryimage"},"image":{"@id":"http://www.skvmusique.org/index.php/sandra-chalancon/#primaryimage"},"thumbnailUrl":"http://www.skvmusique.org/wp-content/uploads/2025/11/20240604_181131-1024x461.jpg","datePublished":"2025-03-20T16:22:18+00:00","dateModified":"2025-11-24T17:16:27+00:00","breadcrumb":{"@id":"http://www.skvmusique.org/index.php/sandra-chalancon/#breadcrumb"},"inLanguage":"fr-FR","potentialAction":[{"@type":"ReadAction","target":["http://www.skvmusique.org/index.php/sandra-chalancon/"]}]},{"@type":"ImageObject","inLanguage":"fr-FR","@id":"http://www.skvmusique.org/index.php/sandra-chalancon/#primaryimage","url":"http://www.skvmusique.org/wp-content/uploads/2025/11/20240604_181131-scaled.jpg","contentUrl":"http://www.skvmusique.org/wp-content/uploads/2025/11/20240604_181131-scaled.jpg","width":2560,"height":1152},{"@type":"BreadcrumbList","@id":"http://www.skvmusique.org/index.php/sandra-chalancon/#breadcrumb","itemListElement":[{"@type":"ListItem","position":1,"name":"Accueil","item":"http://www.skvmusique.org/"},{"@type":"ListItem","position":2,"name":"Sandra Chalancon"}]},{"@type":"WebSite","@id":"http://www.skvmusique.org/#website","url":"http://www.skvmusique.org/","name":"SKV Ecole de musique traditionnelle à Saint Brieuc","description":"SKV -  Sonerien ha Kanerien vreizh","potentialAction":[{"@type":"SearchAction","target":{"@type":"EntryPoint","urlTemplate":"http://www.skvmusique.org/?s={search_term_string}"},"query-input":{"@type":"PropertyValueSpecification","valueRequired":true,"valueName":"search_term_string"}}],"inLanguage":"fr-FR"}]}</script>
<!-- / Yoast SEO plugin. -->

Sandra Chalancon - SKV Ecole de musique traditionnelle à Saint Brieuc

Enseignante pour l&rsquo;atelier chant breton enfant Sandra Chalancon a commencé le chant breton en 2018 à l’atelier de chant de Cavan. Elle a appris avec plusieurs chanteurs et chanteuses reconnus notamment Louis-Jacques Suignard et Ronan Guéblez. Elle se produit sur scène avec Armelle Lucas ou Adrien Nicolas. A côté de cette activité musicale, elle est &hellip; Continuer la lecture de Sandra Chalancon

SKV Ecole de musique traditionnelle à Saint Brieuc
