{"id":2500,"date":"2023-08-04T14:31:26","date_gmt":"2023-08-04T12:31:26","guid":{"rendered":"http:\/\/www.skvmusique.org\/?page_id=2500"},"modified":"2024-06-06T18:40:21","modified_gmt":"2024-06-06T16:40:21","slug":"julien-antoine","status":"publish","type":"page","link":"http:\/\/www.skvmusique.org\/index.php\/julien-antoine\/","title":{"rendered":"Julien Antoine"},"content":{"rendered":"\n<h2 class=\"wp-block-heading\">Guitare<\/h2>\n\n\n\n<figure class=\"wp-block-image size-medium\"><img loading=\"lazy\" decoding=\"async\" width=\"200\" height=\"300\" src=\"http:\/\/www.skvmusique.org\/wp-content\/uploads\/2024\/06\/Julien-ANTOINE-200x300.jpg\" alt=\"\" class=\"wp-image-2724\" srcset=\"http:\/\/www.skvmusique.org\/wp-content\/uploads\/2024\/06\/Julien-ANTOINE-200x300.jpg 200w, http:\/\/www.skvmusique.org\/wp-content\/uploads\/2024\/06\/Julien-ANTOINE-682x1024.jpg 682w, http:\/\/www.skvmusique.org\/wp-content\/uploads\/2024\/06\/Julien-ANTOINE-768x1152.jpg 768w, http:\/\/www.skvmusique.org\/wp-content\/uploads\/2024\/06\/Julien-ANTOINE.jpg 869w\" sizes=\"auto, (max-width: 200px) 100vw, 200px\" \/><\/figure>\n\n\n\n<p><\/p>\n\n\n\n<p>Originaire du Go\u00eblo, r\u00e9gion de Paimpol, baign\u00e9 dans la culture bretonne depuis son plus jeune \u00e2ge, Julien s&rsquo;est tr\u00e8s vite tourn\u00e9 vers le DADGAD (la mani\u00e8re d&rsquo;accorder sa guitare largement utilis\u00e9e en fest-noz) pour accompagner ses premiers groupes (TEUZ, KLIN).<\/p>\n\n\n\n<p>Autodidacte il envisage la transmission de sa technique comme celle d&rsquo;une langue :  en \u00e9changeant, en expliquant, en jouant des th\u00e8mes de son r\u00e9pertoire.&nbsp;<\/p>\n\n\n\n<p><strong><em>Hag e brezhoneg e c&rsquo;hall paotr e c&rsquo;hitar kas e gentelio\u00f9 &gt; les cours peuvent \u00eatre dispens\u00e9s en breton.&nbsp;<\/em><\/strong><\/p>\n\n\n\n<p><\/p>\n\n\n\n<p>Il joue aujourd&rsquo;hui dans le groupe KERLOA (CD\/33tours disponibles) et le duo BERRJUL (handpan\/gitar)<\/p>\n\n\n\n<p><strong>Plus d&rsquo;infos <\/strong> :<\/p>\n\n\n\n<p>Kerloa : <a href=\"https:\/\/www.tamm-kreiz.bzh\/groupe\/3638\/Kerloa\">https:\/\/www.tamm-kreiz.bzh\/groupe\/3638\/Kerloa<\/a> &#8211; <a href=\"https:\/\/www.facebook.com\/kerloa3\">page FB<\/a><\/p>\n\n\n\n<p>Bzerrjul : <a href=\"https:\/\/www.tamm-kreiz.bzh\/groupe\/8313\/\">https:\/\/www.tamm-kreiz.bzh\/groupe\/8313\/<\/a> &#8211; <a href=\"https:\/\/www.facebook.com\/profile.php?id=100088165297225\">Page FB<\/a><\/p>\n","protected":false},"excerpt":{"rendered":"<p>Guitare Originaire du Go\u00eblo, r\u00e9gion de Paimpol, baign\u00e9 dans la culture bretonne depuis son plus jeune \u00e2ge, Julien s&rsquo;est tr\u00e8s vite tourn\u00e9 vers le DADGAD (la mani\u00e8re d&rsquo;accorder sa guitare largement utilis\u00e9e en fest-noz) pour accompagner ses premiers groupes (TEUZ, KLIN). Autodidacte il envisage la transmission de sa technique comme celle d&rsquo;une langue : en &hellip; <a href=\"http:\/\/www.skvmusique.org\/index.php\/julien-antoine\/\" class=\"more-link\">Continuer la lecture de <span class=\"screen-reader-text\">Julien Antoine<\/span><\/a><\/p>\n","protected":false},"author":1,"featured_media":0,"parent":0,"menu_order":0,"comment_status":"closed","ping_status":"closed","template":"","meta":{"footnotes":""},"class_list":["post-2500","page","type-page","status-publish","hentry"],"yoast_head":"<!-- This site is optimized with the Yoast SEO plugin v25.9 - https:\/\/yoast.com\/wordpress\/plugins\/seo\/ -->\n<title>Julien Antoine - SKV Ecole de musique traditionnelle \u00e0 Saint Brieuc<\/title>\n<meta name=\"robots\" content=\"index, follow, max-snippet:-1, max-image-preview:large, max-video-preview:-1\" \/>\n<link rel=\"canonical\" href=\"http:\/\/www.skvmusique.org\/index.php\/julien-antoine\/\" \/>\n<meta property=\"og:locale\" content=\"fr_FR\" \/>\n<meta property=\"og:type\" content=\"article\" \/>\n<meta property=\"og:title\" content=\"Julien Antoine - SKV Ecole de musique traditionnelle \u00e0 Saint Brieuc\" \/>\n<meta property=\"og:description\" content=\"Guitare Originaire du Go\u00eblo, r\u00e9gion de Paimpol, baign\u00e9 dans la culture bretonne depuis son plus jeune \u00e2ge, Julien s&rsquo;est tr\u00e8s vite tourn\u00e9 vers le DADGAD (la mani\u00e8re d&rsquo;accorder sa guitare largement utilis\u00e9e en fest-noz) pour accompagner ses premiers groupes (TEUZ, KLIN). Autodidacte il envisage la transmission de sa technique comme celle d&rsquo;une langue : en &hellip; Continuer la lecture de Julien Antoine\" \/>\n<meta property=\"og:url\" content=\"http:\/\/www.skvmusique.org\/index.php\/julien-antoine\/\" \/>\n<meta property=\"og:site_name\" content=\"SKV Ecole de musique traditionnelle \u00e0 Saint Brieuc\" \/>\n<meta property=\"article:modified_time\" content=\"2024-06-06T16:40:21+00:00\" \/>\n<meta property=\"og:image\" content=\"http:\/\/www.skvmusique.org\/wp-content\/uploads\/2024\/06\/Julien-ANTOINE-200x300.jpg\" \/>\n<meta name=\"twitter:card\" content=\"summary_large_image\" \/>\n<meta name=\"twitter:label1\" content=\"Dur\u00e9e de lecture estim\u00e9e\" \/>\n\t<meta name=\"twitter:data1\" content=\"1 minute\" \/>\n<script type=\"application\/ld+json\" class=\"yoast-schema-graph\">{\"@context\":\"https:\/\/schema.org\",\"@graph\":[{\"@type\":\"WebPage\",\"@id\":\"http:\/\/www.skvmusique.org\/index.php\/julien-antoine\/\",\"url\":\"http:\/\/www.skvmusique.org\/index.php\/julien-antoine\/\",\"name\":\"Julien Antoine - SKV Ecole de musique traditionnelle \u00e0 Saint Brieuc\",\"isPartOf\":{\"@id\":\"http:\/\/www.skvmusique.org\/#website\"},\"primaryImageOfPage\":{\"@id\":\"http:\/\/www.skvmusique.org\/index.php\/julien-antoine\/#primaryimage\"},\"image\":{\"@id\":\"http:\/\/www.skvmusique.org\/index.php\/julien-antoine\/#primaryimage\"},\"thumbnailUrl\":\"http:\/\/www.skvmusique.org\/wp-content\/uploads\/2024\/06\/Julien-ANTOINE-200x300.jpg\",\"datePublished\":\"2023-08-04T12:31:26+00:00\",\"dateModified\":\"2024-06-06T16:40:21+00:00\",\"breadcrumb\":{\"@id\":\"http:\/\/www.skvmusique.org\/index.php\/julien-antoine\/#breadcrumb\"},\"inLanguage\":\"fr-FR\",\"potentialAction\":[{\"@type\":\"ReadAction\",\"target\":[\"http:\/\/www.skvmusique.org\/index.php\/julien-antoine\/\"]}]},{\"@type\":\"ImageObject\",\"inLanguage\":\"fr-FR\",\"@id\":\"http:\/\/www.skvmusique.org\/index.php\/julien-antoine\/#primaryimage\",\"url\":\"http:\/\/www.skvmusique.org\/wp-content\/uploads\/2024\/06\/Julien-ANTOINE.jpg\",\"contentUrl\":\"http:\/\/www.skvmusique.org\/wp-content\/uploads\/2024\/06\/Julien-ANTOINE.jpg\",\"width\":869,\"height\":1304},{\"@type\":\"BreadcrumbList\",\"@id\":\"http:\/\/www.skvmusique.org\/index.php\/julien-antoine\/#breadcrumb\",\"itemListElement\":[{\"@type\":\"ListItem\",\"position\":1,\"name\":\"Accueil\",\"item\":\"http:\/\/www.skvmusique.org\/\"},{\"@type\":\"ListItem\",\"position\":2,\"name\":\"Julien Antoine\"}]},{\"@type\":\"WebSite\",\"@id\":\"http:\/\/www.skvmusique.org\/#website\",\"url\":\"http:\/\/www.skvmusique.org\/\",\"name\":\"SKV Ecole de musique traditionnelle \u00e0 Saint Brieuc\",\"description\":\"SKV -  Sonerien ha Kanerien vreizh\",\"potentialAction\":[{\"@type\":\"SearchAction\",\"target\":{\"@type\":\"EntryPoint\",\"urlTemplate\":\"http:\/\/www.skvmusique.org\/?s={search_term_string}\"},\"query-input\":{\"@type\":\"PropertyValueSpecification\",\"valueRequired\":true,\"valueName\":\"search_term_string\"}}],\"inLanguage\":\"fr-FR\"}]}<\/script>\n<!-- \/ Yoast SEO plugin. -->","yoast_head_json":{"title":"Julien Antoine - SKV Ecole de musique traditionnelle \u00e0 Saint Brieuc","robots":{"index":"index","follow":"follow","max-snippet":"max-snippet:-1","max-image-preview":"max-image-preview:large","max-video-preview":"max-video-preview:-1"},"canonical":"http:\/\/www.skvmusique.org\/index.php\/julien-antoine\/","og_locale":"fr_FR","og_type":"article","og_title":"Julien Antoine - SKV Ecole de musique traditionnelle \u00e0 Saint Brieuc","og_description":"Guitare Originaire du Go\u00eblo, r\u00e9gion de Paimpol, baign\u00e9 dans la culture bretonne depuis son plus jeune \u00e2ge, Julien s&rsquo;est tr\u00e8s vite tourn\u00e9 vers le DADGAD (la mani\u00e8re d&rsquo;accorder sa guitare largement utilis\u00e9e en fest-noz) pour accompagner ses premiers groupes (TEUZ, KLIN). Autodidacte il envisage la transmission de sa technique comme celle d&rsquo;une langue : en &hellip; Continuer la lecture de Julien Antoine","og_url":"http:\/\/www.skvmusique.org\/index.php\/julien-antoine\/","og_site_name":"SKV Ecole de musique traditionnelle \u00e0 Saint Brieuc","article_modified_time":"2024-06-06T16:40:21+00:00","og_image":[{"url":"http:\/\/www.skvmusique.org\/wp-content\/uploads\/2024\/06\/Julien-ANTOINE-200x300.jpg","type":"","width":"","height":""}],"twitter_card":"summary_large_image","twitter_misc":{"Dur\u00e9e de lecture estim\u00e9e":"1 minute"},"schema":{"@context":"https:\/\/schema.org","@graph":[{"@type":"WebPage","@id":"http:\/\/www.skvmusique.org\/index.php\/julien-antoine\/","url":"http:\/\/www.skvmusique.org\/index.php\/julien-antoine\/","name":"Julien Antoine - SKV Ecole de musique traditionnelle \u00e0 Saint Brieuc","isPartOf":{"@id":"http:\/\/www.skvmusique.org\/#website"},"primaryImageOfPage":{"@id":"http:\/\/www.skvmusique.org\/index.php\/julien-antoine\/#primaryimage"},"image":{"@id":"http:\/\/www.skvmusique.org\/index.php\/julien-antoine\/#primaryimage"},"thumbnailUrl":"http:\/\/www.skvmusique.org\/wp-content\/uploads\/2024\/06\/Julien-ANTOINE-200x300.jpg","datePublished":"2023-08-04T12:31:26+00:00","dateModified":"2024-06-06T16:40:21+00:00","breadcrumb":{"@id":"http:\/\/www.skvmusique.org\/index.php\/julien-antoine\/#breadcrumb"},"inLanguage":"fr-FR","potentialAction":[{"@type":"ReadAction","target":["http:\/\/www.skvmusique.org\/index.php\/julien-antoine\/"]}]},{"@type":"ImageObject","inLanguage":"fr-FR","@id":"http:\/\/www.skvmusique.org\/index.php\/julien-antoine\/#primaryimage","url":"http:\/\/www.skvmusique.org\/wp-content\/uploads\/2024\/06\/Julien-ANTOINE.jpg","contentUrl":"http:\/\/www.skvmusique.org\/wp-content\/uploads\/2024\/06\/Julien-ANTOINE.jpg","width":869,"height":1304},{"@type":"BreadcrumbList","@id":"http:\/\/www.skvmusique.org\/index.php\/julien-antoine\/#breadcrumb","itemListElement":[{"@type":"ListItem","position":1,"name":"Accueil","item":"http:\/\/www.skvmusique.org\/"},{"@type":"ListItem","position":2,"name":"Julien Antoine"}]},{"@type":"WebSite","@id":"http:\/\/www.skvmusique.org\/#website","url":"http:\/\/www.skvmusique.org\/","name":"SKV Ecole de musique traditionnelle \u00e0 Saint Brieuc","description":"SKV -  Sonerien ha Kanerien vreizh","potentialAction":[{"@type":"SearchAction","target":{"@type":"EntryPoint","urlTemplate":"http:\/\/www.skvmusique.org\/?s={search_term_string}"},"query-input":{"@type":"PropertyValueSpecification","valueRequired":true,"valueName":"search_term_string"}}],"inLanguage":"fr-FR"}]}},"_links":{"self":[{"href":"http:\/\/www.skvmusique.org\/index.php\/wp-json\/wp\/v2\/pages\/2500","targetHints":{"allow":["GET"]}}],"collection":[{"href":"http:\/\/www.skvmusique.org\/index.php\/wp-json\/wp\/v2\/pages"}],"about":[{"href":"http:\/\/www.skvmusique.org\/index.php\/wp-json\/wp\/v2\/types\/page"}],"author":[{"embeddable":true,"href":"http:\/\/www.skvmusique.org\/index.php\/wp-json\/wp\/v2\/users\/1"}],"replies":[{"embeddable":true,"href":"http:\/\/www.skvmusique.org\/index.php\/wp-json\/wp\/v2\/comments?post=2500"}],"version-history":[{"count":10,"href":"http:\/\/www.skvmusique.org\/index.php\/wp-json\/wp\/v2\/pages\/2500\/revisions"}],"predecessor-version":[{"id":2729,"href":"http:\/\/www.skvmusique.org\/index.php\/wp-json\/wp\/v2\/pages\/2500\/revisions\/2729"}],"wp:attachment":[{"href":"http:\/\/www.skvmusique.org\/index.php\/wp-json\/wp\/v2\/media?parent=2500"}],"curies":[{"name":"wp","href":"https:\/\/api.w.org\/{rel}","templated":true}]}}