{"id":1367,"date":"2017-03-25T22:25:41","date_gmt":"2017-03-25T22:25:41","guid":{"rendered":"http:\/\/skvmusique.org\/?page_id=1367"},"modified":"2017-09-01T08:51:33","modified_gmt":"2017-09-01T06:51:33","slug":"stages-du-18-mars-2017","status":"publish","type":"page","link":"http:\/\/www.skvmusique.org\/index.php\/stages-du-18-mars-2017\/","title":{"rendered":"Stages du 18 mars 2017"},"content":{"rendered":"<h2 style=\"text-align: center;\">Stages Biniou-bombarde, accord\u00e9on et chant gallo<\/h2>\n<p style=\"text-align: justify;\">Le 18 mars 2017, SKV\u00a0a organis\u00e9 3 stages d&rsquo;une journ\u00e9e \u00e0 la\u00a0Villa Carm\u00e9lie. Une dizaine de musiciens ont particip\u00e9 au stage de biniou-bombarde anim\u00e9 par Andr\u00e9 Le Meut. Les accord\u00e9onistes ont pu travailler avec Patrick Lefebvre. Enfin, le chanteur Gilles David a anim\u00e9 le stage de\u00a0chant gallo.<\/p>\n<p style=\"text-align: justify;\">A l&rsquo;issue de cette journ\u00e9e de stage, un mini concert a \u00e9t\u00e9 organis\u00e9\u00a0\u00e0 La Maison des Cultures de Bretagne (Ti ar vro)\u00a0de Saint-Brieuc.\u00a0Gilles David a propos\u00e9 un tour de chant avec ses stagiaires du jour. Ensuite, Andr\u00e9 Le Meut\u00a0a fait montre de sa virtuosit\u00e9 en compagnie de St\u00e9phane Foll puis de\u00a0Patrick Lefebvre.<\/p>\n<p style=\"text-align: justify;\"><span style=\"text-decoration: underline;\"><strong>Les photos de la journ\u00e9e<\/strong><\/span><\/p>\n<table>\n<tbody>\n<tr>\n<td>\n<p><figure id=\"attachment_1344\" aria-describedby=\"caption-attachment-1344\" style=\"width: 300px\" class=\"wp-caption alignleft\"><img loading=\"lazy\" decoding=\"async\" class=\"wp-image-1344 size-medium\" src=\"http:\/\/skvmusique.org\/wp-content\/uploads\/2017\/03\/DSC04150-300x225.jpg\" alt=\"\" width=\"300\" height=\"225\" \/><figcaption id=\"caption-attachment-1344\" class=\"wp-caption-text\">Stage chant gallo avec G. David (photo SKV)<\/figcaption><\/figure><\/td>\n<td>\n<p><figure id=\"attachment_1345\" aria-describedby=\"caption-attachment-1345\" style=\"width: 165px\" class=\"wp-caption alignleft\"><img loading=\"lazy\" decoding=\"async\" class=\"wp-image-1345\" src=\"http:\/\/skvmusique.org\/wp-content\/uploads\/2017\/03\/DSC04152-225x300.jpg\" alt=\"\" width=\"165\" height=\"220\" \/><figcaption id=\"caption-attachment-1345\" class=\"wp-caption-text\">Stage chant gallo avec G. David (photo SKV)<\/figcaption><\/figure><\/td>\n<\/tr>\n<tr>\n<td>\n<p><figure id=\"attachment_1347\" aria-describedby=\"caption-attachment-1347\" style=\"width: 300px\" class=\"wp-caption alignleft\"><img loading=\"lazy\" decoding=\"async\" class=\"wp-image-1347 size-medium\" src=\"http:\/\/skvmusique.org\/wp-content\/uploads\/2017\/03\/DSC04155-300x225.jpg\" alt=\"\" width=\"300\" height=\"225\" \/><figcaption id=\"caption-attachment-1347\" class=\"wp-caption-text\">Stage accord\u00e9on avec Patrick Lefebvre (photo SKV)<\/figcaption><\/figure><\/td>\n<td>\n<p><figure id=\"attachment_1348\" aria-describedby=\"caption-attachment-1348\" style=\"width: 166px\" class=\"wp-caption alignleft\"><img loading=\"lazy\" decoding=\"async\" class=\"wp-image-1348\" src=\"http:\/\/skvmusique.org\/wp-content\/uploads\/2017\/03\/DSC04157-225x300.jpg\" alt=\"\" width=\"166\" height=\"221\" \/><figcaption id=\"caption-attachment-1348\" class=\"wp-caption-text\">Stage accord\u00e9on avec Patrick Lefebvre (photo SKV)<\/figcaption><\/figure><\/td>\n<\/tr>\n<tr>\n<td>\n<p><figure id=\"attachment_1349\" aria-describedby=\"caption-attachment-1349\" style=\"width: 300px\" class=\"wp-caption alignleft\"><img loading=\"lazy\" decoding=\"async\" class=\"wp-image-1349 size-medium\" src=\"http:\/\/skvmusique.org\/wp-content\/uploads\/2017\/03\/DSC04159-300x225.jpg\" alt=\"\" width=\"300\" height=\"225\" \/><figcaption id=\"caption-attachment-1349\" class=\"wp-caption-text\">Stage biniou-bombarde avec Andr\u00e9 Le Meut (photo SKV)<\/figcaption><\/figure><\/td>\n<td>\n<p><figure id=\"attachment_1350\" aria-describedby=\"caption-attachment-1350\" style=\"width: 176px\" class=\"wp-caption alignleft\"><img loading=\"lazy\" decoding=\"async\" class=\"wp-image-1350\" src=\"http:\/\/skvmusique.org\/wp-content\/uploads\/2017\/03\/DSC04160-225x300.jpg\" alt=\"\" width=\"176\" height=\"235\" \/><figcaption id=\"caption-attachment-1350\" class=\"wp-caption-text\">Stage biniou-bombarde avec Andr\u00e9 Le Meut (photo SKV)<\/figcaption><\/figure><\/td>\n<\/tr>\n<tr>\n<td>\n<p><figure id=\"attachment_1352\" aria-describedby=\"caption-attachment-1352\" style=\"width: 247px\" class=\"wp-caption alignleft\"><img loading=\"lazy\" decoding=\"async\" class=\"wp-image-1352\" src=\"http:\/\/skvmusique.org\/wp-content\/uploads\/2017\/03\/DSC04162-300x225.jpg\" alt=\"\" width=\"247\" height=\"185\" \/><figcaption id=\"caption-attachment-1352\" class=\"wp-caption-text\">Concert de fin de stage \u00e0 Ti ar vro (photo SKV)<\/figcaption><\/figure><\/td>\n<td>\n<p><figure id=\"attachment_1353\" aria-describedby=\"caption-attachment-1353\" style=\"width: 269px\" class=\"wp-caption alignnone\"><img loading=\"lazy\" decoding=\"async\" class=\"wp-image-1353\" src=\"http:\/\/skvmusique.org\/wp-content\/uploads\/2017\/03\/DSC04167-300x225.jpg\" alt=\"\" width=\"269\" height=\"202\" \/><figcaption id=\"caption-attachment-1353\" class=\"wp-caption-text\">Concert de fin de stage (photo SKV)<\/figcaption><\/figure><\/td>\n<\/tr>\n<tr>\n<td>\n<p><figure id=\"attachment_1354\" aria-describedby=\"caption-attachment-1354\" style=\"width: 300px\" class=\"wp-caption alignnone\"><img loading=\"lazy\" decoding=\"async\" class=\"wp-image-1354 size-medium\" src=\"http:\/\/skvmusique.org\/wp-content\/uploads\/2017\/03\/DSC04169-300x225.jpg\" alt=\"\" width=\"300\" height=\"225\" \/><figcaption id=\"caption-attachment-1354\" class=\"wp-caption-text\">Concert de fin de stage (photo SKV)<\/figcaption><\/figure><\/td>\n<td>\n<p><figure id=\"attachment_1355\" aria-describedby=\"caption-attachment-1355\" style=\"width: 300px\" class=\"wp-caption alignnone\"><img loading=\"lazy\" decoding=\"async\" class=\"wp-image-1355 size-medium\" src=\"http:\/\/skvmusique.org\/wp-content\/uploads\/2017\/03\/DSC04171-300x225.jpg\" alt=\"\" width=\"300\" height=\"225\" \/><figcaption id=\"caption-attachment-1355\" class=\"wp-caption-text\">Concert de fin de stage (photo SKV)<\/figcaption><\/figure><\/td>\n<\/tr>\n<tr>\n<td>\n<p><figure id=\"attachment_1357\" aria-describedby=\"caption-attachment-1357\" style=\"width: 300px\" class=\"wp-caption alignnone\"><img loading=\"lazy\" decoding=\"async\" class=\"wp-image-1357 size-medium\" src=\"http:\/\/skvmusique.org\/wp-content\/uploads\/2017\/03\/DSC04180-300x225.jpg\" alt=\"\" width=\"300\" height=\"225\" \/><figcaption id=\"caption-attachment-1357\" class=\"wp-caption-text\">Concert de fin de stage &#8211; Andr\u00e9 Le Meut &amp; St\u00e9phane Foll (photo SKV)<\/figcaption><\/figure><\/td>\n<td>\n<p><figure id=\"attachment_1359\" aria-describedby=\"caption-attachment-1359\" style=\"width: 225px\" class=\"wp-caption alignleft\"><img loading=\"lazy\" decoding=\"async\" class=\"wp-image-1359 size-medium\" src=\"http:\/\/skvmusique.org\/wp-content\/uploads\/2017\/03\/DSC04186-225x300.jpg\" alt=\"\" width=\"225\" height=\"300\" \/><figcaption id=\"caption-attachment-1359\" class=\"wp-caption-text\">Concert de fin de stage &#8211; Andr\u00e9 Le Meut (photo SKV)<\/figcaption><\/figure><\/td>\n<\/tr>\n<tr>\n<td>\n<p><figure id=\"attachment_1361\" aria-describedby=\"caption-attachment-1361\" style=\"width: 300px\" class=\"wp-caption alignleft\"><img loading=\"lazy\" decoding=\"async\" class=\"wp-image-1361 size-medium\" src=\"http:\/\/skvmusique.org\/wp-content\/uploads\/2017\/03\/DSC04189-300x225.jpg\" alt=\"\" width=\"300\" height=\"225\" \/><figcaption id=\"caption-attachment-1361\" class=\"wp-caption-text\">Concert de fin de stage &#8211; Patrick Lefebvre (photo SKV)<\/figcaption><\/figure><\/td>\n<td>\n<p><figure id=\"attachment_1362\" aria-describedby=\"caption-attachment-1362\" style=\"width: 300px\" class=\"wp-caption alignleft\"><img loading=\"lazy\" decoding=\"async\" class=\"wp-image-1362 size-medium\" src=\"http:\/\/skvmusique.org\/wp-content\/uploads\/2017\/03\/DSC04190-300x225.jpg\" alt=\"\" width=\"300\" height=\"225\" \/><figcaption id=\"caption-attachment-1362\" class=\"wp-caption-text\">Concert de fin de stage (photo SKV)<\/figcaption><\/figure><\/td>\n<\/tr>\n<tr>\n<td>\n<p><figure id=\"attachment_1364\" aria-describedby=\"caption-attachment-1364\" style=\"width: 300px\" class=\"wp-caption aligncenter\"><img loading=\"lazy\" decoding=\"async\" class=\"wp-image-1364 size-medium\" src=\"http:\/\/skvmusique.org\/wp-content\/uploads\/2017\/03\/DSC04193-300x225.jpg\" alt=\"\" width=\"300\" height=\"225\" \/><figcaption id=\"caption-attachment-1364\" class=\"wp-caption-text\">Concert de fin de stage &#8211; Andr\u00e9 Le Meut &amp; Patrick Lefebvre (photo SKV)<\/figcaption><\/figure><\/td>\n<td><\/td>\n<\/tr>\n<\/tbody>\n<\/table>\n<p><span style=\"text-decoration: underline;\"><strong>Quelques extraits vid\u00e9os du concert<\/strong><\/span><br \/>\n<iframe loading=\"lazy\" src=\"https:\/\/www.youtube.com\/embed\/5EFwpio9Rfc\" width=\"560\" height=\"315\" frameborder=\"0\" allowfullscreen=\"allowfullscreen\"><\/iframe><\/p>\n<p>&nbsp;<\/p>\n<p><iframe loading=\"lazy\" src=\"https:\/\/www.youtube.com\/embed\/XusEV-y9lnc\" width=\"560\" height=\"315\" frameborder=\"0\" allowfullscreen=\"allowfullscreen\"><\/iframe><\/p>\n<p><iframe loading=\"lazy\" src=\"https:\/\/www.youtube.com\/embed\/8mlSXHZ8bBc\" width=\"560\" height=\"315\" frameborder=\"0\" allowfullscreen=\"allowfullscreen\"><\/iframe><\/p>\n","protected":false},"excerpt":{"rendered":"<p>Stages Biniou-bombarde, accord\u00e9on et chant gallo Le 18 mars 2017, SKV\u00a0a organis\u00e9 3 stages d&rsquo;une journ\u00e9e \u00e0 la\u00a0Villa Carm\u00e9lie. Une dizaine de musiciens ont particip\u00e9 au stage de biniou-bombarde anim\u00e9 par Andr\u00e9 Le Meut. Les accord\u00e9onistes ont pu travailler avec Patrick Lefebvre. Enfin, le chanteur Gilles David a anim\u00e9 le stage de\u00a0chant gallo. A l&rsquo;issue &hellip; <a href=\"http:\/\/www.skvmusique.org\/index.php\/stages-du-18-mars-2017\/\" class=\"more-link\">Continuer la lecture de <span class=\"screen-reader-text\">Stages du 18 mars 2017<\/span><\/a><\/p>\n","protected":false},"author":1,"featured_media":0,"parent":0,"menu_order":0,"comment_status":"closed","ping_status":"closed","template":"","meta":{"footnotes":""},"class_list":["post-1367","page","type-page","status-publish","hentry"],"yoast_head":"<!-- This site is optimized with the Yoast SEO plugin v25.9 - https:\/\/yoast.com\/wordpress\/plugins\/seo\/ -->\n<title>Stages du 18 mars 2017 - SKV Ecole de musique traditionnelle \u00e0 Saint Brieuc<\/title>\n<meta name=\"description\" content=\"Le 18 mars 2017, SKV a organis\u00e9 3 stages. Stage de biniou-bombarde anim\u00e9 par Andr\u00e9 Le Meut. Accord\u00e9on avec Patrick Lefebvre. Chant gallo avec Gilles David.\" \/>\n<meta name=\"robots\" content=\"index, follow, max-snippet:-1, max-image-preview:large, max-video-preview:-1\" \/>\n<link rel=\"canonical\" href=\"http:\/\/www.skvmusique.org\/index.php\/stages-du-18-mars-2017\/\" \/>\n<meta property=\"og:locale\" content=\"fr_FR\" \/>\n<meta property=\"og:type\" content=\"article\" \/>\n<meta property=\"og:title\" content=\"Stages SKV - 18 mars 2017\" \/>\n<meta property=\"og:description\" content=\"Le 18 mars 2017, SKV a organis\u00e9 3 stages. Stage de biniou-bombarde anim\u00e9 par Andr\u00e9 Le Meut. Accord\u00e9on avec Patrick Lefebvre. Chant gallo avec Gilles David.\" \/>\n<meta property=\"og:url\" content=\"http:\/\/www.skvmusique.org\/index.php\/stages-du-18-mars-2017\/\" \/>\n<meta property=\"og:site_name\" content=\"SKV Ecole de musique traditionnelle \u00e0 Saint Brieuc\" \/>\n<meta property=\"article:modified_time\" content=\"2017-09-01T06:51:33+00:00\" \/>\n<meta property=\"og:image\" content=\"http:\/\/skvmusique.org\/wp-content\/uploads\/2017\/03\/DSC04160.jpg\" \/>\n<meta name=\"twitter:card\" content=\"summary_large_image\" \/>\n<meta name=\"twitter:label1\" content=\"Dur\u00e9e de lecture estim\u00e9e\" \/>\n\t<meta name=\"twitter:data1\" content=\"2 minutes\" \/>\n<script type=\"application\/ld+json\" class=\"yoast-schema-graph\">{\"@context\":\"https:\/\/schema.org\",\"@graph\":[{\"@type\":\"WebPage\",\"@id\":\"http:\/\/www.skvmusique.org\/index.php\/stages-du-18-mars-2017\/\",\"url\":\"http:\/\/www.skvmusique.org\/index.php\/stages-du-18-mars-2017\/\",\"name\":\"Stages du 18 mars 2017 - SKV Ecole de musique traditionnelle \u00e0 Saint Brieuc\",\"isPartOf\":{\"@id\":\"http:\/\/www.skvmusique.org\/#website\"},\"primaryImageOfPage\":{\"@id\":\"http:\/\/www.skvmusique.org\/index.php\/stages-du-18-mars-2017\/#primaryimage\"},\"image\":{\"@id\":\"http:\/\/www.skvmusique.org\/index.php\/stages-du-18-mars-2017\/#primaryimage\"},\"thumbnailUrl\":\"http:\/\/skvmusique.org\/wp-content\/uploads\/2017\/03\/DSC04150-300x225.jpg\",\"datePublished\":\"2017-03-25T22:25:41+00:00\",\"dateModified\":\"2017-09-01T06:51:33+00:00\",\"description\":\"Le 18 mars 2017, SKV a organis\u00e9 3 stages. Stage de biniou-bombarde anim\u00e9 par Andr\u00e9 Le Meut. Accord\u00e9on avec Patrick Lefebvre. Chant gallo avec Gilles David.\",\"breadcrumb\":{\"@id\":\"http:\/\/www.skvmusique.org\/index.php\/stages-du-18-mars-2017\/#breadcrumb\"},\"inLanguage\":\"fr-FR\",\"potentialAction\":[{\"@type\":\"ReadAction\",\"target\":[\"http:\/\/www.skvmusique.org\/index.php\/stages-du-18-mars-2017\/\"]}]},{\"@type\":\"ImageObject\",\"inLanguage\":\"fr-FR\",\"@id\":\"http:\/\/www.skvmusique.org\/index.php\/stages-du-18-mars-2017\/#primaryimage\",\"url\":\"http:\/\/skvmusique.org\/wp-content\/uploads\/2017\/03\/DSC04150-300x225.jpg\",\"contentUrl\":\"http:\/\/skvmusique.org\/wp-content\/uploads\/2017\/03\/DSC04150-300x225.jpg\"},{\"@type\":\"BreadcrumbList\",\"@id\":\"http:\/\/www.skvmusique.org\/index.php\/stages-du-18-mars-2017\/#breadcrumb\",\"itemListElement\":[{\"@type\":\"ListItem\",\"position\":1,\"name\":\"Accueil\",\"item\":\"http:\/\/www.skvmusique.org\/\"},{\"@type\":\"ListItem\",\"position\":2,\"name\":\"Stages du 18 mars 2017\"}]},{\"@type\":\"WebSite\",\"@id\":\"http:\/\/www.skvmusique.org\/#website\",\"url\":\"http:\/\/www.skvmusique.org\/\",\"name\":\"SKV Ecole de musique traditionnelle \u00e0 Saint Brieuc\",\"description\":\"SKV -  Sonerien ha Kanerien vreizh\",\"potentialAction\":[{\"@type\":\"SearchAction\",\"target\":{\"@type\":\"EntryPoint\",\"urlTemplate\":\"http:\/\/www.skvmusique.org\/?s={search_term_string}\"},\"query-input\":{\"@type\":\"PropertyValueSpecification\",\"valueRequired\":true,\"valueName\":\"search_term_string\"}}],\"inLanguage\":\"fr-FR\"}]}<\/script>\n<!-- \/ Yoast SEO plugin. -->","yoast_head_json":{"title":"Stages du 18 mars 2017 - SKV Ecole de musique traditionnelle \u00e0 Saint Brieuc","description":"Le 18 mars 2017, SKV a organis\u00e9 3 stages. Stage de biniou-bombarde anim\u00e9 par Andr\u00e9 Le Meut. Accord\u00e9on avec Patrick Lefebvre. Chant gallo avec Gilles David.","robots":{"index":"index","follow":"follow","max-snippet":"max-snippet:-1","max-image-preview":"max-image-preview:large","max-video-preview":"max-video-preview:-1"},"canonical":"http:\/\/www.skvmusique.org\/index.php\/stages-du-18-mars-2017\/","og_locale":"fr_FR","og_type":"article","og_title":"Stages SKV - 18 mars 2017","og_description":"Le 18 mars 2017, SKV a organis\u00e9 3 stages. Stage de biniou-bombarde anim\u00e9 par Andr\u00e9 Le Meut. Accord\u00e9on avec Patrick Lefebvre. Chant gallo avec Gilles David.","og_url":"http:\/\/www.skvmusique.org\/index.php\/stages-du-18-mars-2017\/","og_site_name":"SKV Ecole de musique traditionnelle \u00e0 Saint Brieuc","article_modified_time":"2017-09-01T06:51:33+00:00","og_image":[{"url":"http:\/\/skvmusique.org\/wp-content\/uploads\/2017\/03\/DSC04160.jpg","type":"","width":"","height":""}],"twitter_card":"summary_large_image","twitter_misc":{"Dur\u00e9e de lecture estim\u00e9e":"2 minutes"},"schema":{"@context":"https:\/\/schema.org","@graph":[{"@type":"WebPage","@id":"http:\/\/www.skvmusique.org\/index.php\/stages-du-18-mars-2017\/","url":"http:\/\/www.skvmusique.org\/index.php\/stages-du-18-mars-2017\/","name":"Stages du 18 mars 2017 - SKV Ecole de musique traditionnelle \u00e0 Saint Brieuc","isPartOf":{"@id":"http:\/\/www.skvmusique.org\/#website"},"primaryImageOfPage":{"@id":"http:\/\/www.skvmusique.org\/index.php\/stages-du-18-mars-2017\/#primaryimage"},"image":{"@id":"http:\/\/www.skvmusique.org\/index.php\/stages-du-18-mars-2017\/#primaryimage"},"thumbnailUrl":"http:\/\/skvmusique.org\/wp-content\/uploads\/2017\/03\/DSC04150-300x225.jpg","datePublished":"2017-03-25T22:25:41+00:00","dateModified":"2017-09-01T06:51:33+00:00","description":"Le 18 mars 2017, SKV a organis\u00e9 3 stages. Stage de biniou-bombarde anim\u00e9 par Andr\u00e9 Le Meut. Accord\u00e9on avec Patrick Lefebvre. Chant gallo avec Gilles David.","breadcrumb":{"@id":"http:\/\/www.skvmusique.org\/index.php\/stages-du-18-mars-2017\/#breadcrumb"},"inLanguage":"fr-FR","potentialAction":[{"@type":"ReadAction","target":["http:\/\/www.skvmusique.org\/index.php\/stages-du-18-mars-2017\/"]}]},{"@type":"ImageObject","inLanguage":"fr-FR","@id":"http:\/\/www.skvmusique.org\/index.php\/stages-du-18-mars-2017\/#primaryimage","url":"http:\/\/skvmusique.org\/wp-content\/uploads\/2017\/03\/DSC04150-300x225.jpg","contentUrl":"http:\/\/skvmusique.org\/wp-content\/uploads\/2017\/03\/DSC04150-300x225.jpg"},{"@type":"BreadcrumbList","@id":"http:\/\/www.skvmusique.org\/index.php\/stages-du-18-mars-2017\/#breadcrumb","itemListElement":[{"@type":"ListItem","position":1,"name":"Accueil","item":"http:\/\/www.skvmusique.org\/"},{"@type":"ListItem","position":2,"name":"Stages du 18 mars 2017"}]},{"@type":"WebSite","@id":"http:\/\/www.skvmusique.org\/#website","url":"http:\/\/www.skvmusique.org\/","name":"SKV Ecole de musique traditionnelle \u00e0 Saint Brieuc","description":"SKV -  Sonerien ha Kanerien vreizh","potentialAction":[{"@type":"SearchAction","target":{"@type":"EntryPoint","urlTemplate":"http:\/\/www.skvmusique.org\/?s={search_term_string}"},"query-input":{"@type":"PropertyValueSpecification","valueRequired":true,"valueName":"search_term_string"}}],"inLanguage":"fr-FR"}]}},"_links":{"self":[{"href":"http:\/\/www.skvmusique.org\/index.php\/wp-json\/wp\/v2\/pages\/1367","targetHints":{"allow":["GET"]}}],"collection":[{"href":"http:\/\/www.skvmusique.org\/index.php\/wp-json\/wp\/v2\/pages"}],"about":[{"href":"http:\/\/www.skvmusique.org\/index.php\/wp-json\/wp\/v2\/types\/page"}],"author":[{"embeddable":true,"href":"http:\/\/www.skvmusique.org\/index.php\/wp-json\/wp\/v2\/users\/1"}],"replies":[{"embeddable":true,"href":"http:\/\/www.skvmusique.org\/index.php\/wp-json\/wp\/v2\/comments?post=1367"}],"version-history":[{"count":2,"href":"http:\/\/www.skvmusique.org\/index.php\/wp-json\/wp\/v2\/pages\/1367\/revisions"}],"predecessor-version":[{"id":1917,"href":"http:\/\/www.skvmusique.org\/index.php\/wp-json\/wp\/v2\/pages\/1367\/revisions\/1917"}],"wp:attachment":[{"href":"http:\/\/www.skvmusique.org\/index.php\/wp-json\/wp\/v2\/media?parent=1367"}],"curies":[{"name":"wp","href":"https:\/\/api.w.org\/{rel}","templated":true}]}}