{"id":1217,"date":"2016-10-15T22:45:18","date_gmt":"2016-10-15T22:45:18","guid":{"rendered":"http:\/\/skvmusique.org\/?page_id=1217"},"modified":"2024-06-19T17:54:01","modified_gmt":"2024-06-19T15:54:01","slug":"uilleann-pipes","status":"publish","type":"page","link":"http:\/\/www.skvmusique.org\/index.php\/uilleann-pipes\/","title":{"rendered":"Cornemuse irlandaise > Uilleann Pipe"},"content":{"rendered":"\n<p><span lang=\"FR\">Instrument d&rsquo;une classe sociale \u00e9lev\u00e9e, mais aussi instrument des musiciens itin\u00e9rants, la cornemuse irlandaise est la plus sophistiqu\u00e9e de la famille. <\/span><\/p>\n\n\n\n<p><span lang=\"FR\">Avec un chalumeau couvrant deux octaves, trois bourdons, et des tuyaux d&rsquo;accompagnement m\u00e9lodico-rythmique, elle permet une grande virtuosit\u00e9.<\/span><\/p>\n\n\n\n<p><span lang=\"FR\">Elle fait son apparition en Bretagne avec la vague folk des ann\u00e9es 70, et ne cesse depuis de se d\u00e9velopper, dans les r\u00e9pertoires bretons et irlandais.<\/span><\/p>\n\n\n\n<p>Cours dispens\u00e9 par<span style=\"color: #000000;\"> <a style=\"color: #000000;\" href=\"http:\/\/skvmusique.org\/jordane-guilloux\/\">Jordane Guilloux<\/a><\/span><\/p>\n\n\n\n<figure class=\"wp-block-gallery has-nested-images columns-default is-cropped wp-block-gallery-1 is-layout-flex wp-block-gallery-is-layout-flex\">\n<figure class=\"wp-block-image size-large\"><img loading=\"lazy\" decoding=\"async\" width=\"1024\" height=\"461\" data-id=\"2833\" src=\"http:\/\/www.skvmusique.org\/wp-content\/uploads\/2024\/06\/20240610_183920-1024x461.jpg\" alt=\"\" class=\"wp-image-2833\" srcset=\"http:\/\/www.skvmusique.org\/wp-content\/uploads\/2024\/06\/20240610_183920-1024x461.jpg 1024w, http:\/\/www.skvmusique.org\/wp-content\/uploads\/2024\/06\/20240610_183920-300x135.jpg 300w, http:\/\/www.skvmusique.org\/wp-content\/uploads\/2024\/06\/20240610_183920-768x346.jpg 768w, http:\/\/www.skvmusique.org\/wp-content\/uploads\/2024\/06\/20240610_183920-1536x691.jpg 1536w, http:\/\/www.skvmusique.org\/wp-content\/uploads\/2024\/06\/20240610_183920-2048x922.jpg 2048w\" sizes=\"auto, (max-width: 1024px) 100vw, 1024px\" \/><\/figure>\n<\/figure>\n","protected":false},"excerpt":{"rendered":"<p>Instrument d&rsquo;une classe sociale \u00e9lev\u00e9e, mais aussi instrument des musiciens itin\u00e9rants, la cornemuse irlandaise est la plus sophistiqu\u00e9e de la famille. Avec un chalumeau couvrant deux octaves, trois bourdons, et des tuyaux d&rsquo;accompagnement m\u00e9lodico-rythmique, elle permet une grande virtuosit\u00e9. Elle fait son apparition en Bretagne avec la vague folk des ann\u00e9es 70, et ne cesse &hellip; <a href=\"http:\/\/www.skvmusique.org\/index.php\/uilleann-pipes\/\" class=\"more-link\">Continuer la lecture de <span class=\"screen-reader-text\">Cornemuse irlandaise > Uilleann Pipe<\/span><\/a><\/p>\n","protected":false},"author":1,"featured_media":0,"parent":0,"menu_order":0,"comment_status":"closed","ping_status":"closed","template":"","meta":{"footnotes":""},"class_list":["post-1217","page","type-page","status-publish","hentry"],"yoast_head":"<!-- This site is optimized with the Yoast SEO plugin v25.9 - https:\/\/yoast.com\/wordpress\/plugins\/seo\/ -->\n<title>Cornemuse irlandaise &gt; Uilleann Pipe - SKV Ecole de musique traditionnelle \u00e0 Saint Brieuc<\/title>\n<meta name=\"description\" content=\"cours de Uilleann Pipes \u00e0 SKV Saint-Brieuc. Cours dispens\u00e9 par Jordane Guilloux\" \/>\n<meta name=\"robots\" content=\"index, follow, max-snippet:-1, max-image-preview:large, max-video-preview:-1\" \/>\n<link rel=\"canonical\" href=\"http:\/\/www.skvmusique.org\/index.php\/uilleann-pipes\/\" \/>\n<meta property=\"og:locale\" content=\"fr_FR\" \/>\n<meta property=\"og:type\" content=\"article\" \/>\n<meta property=\"og:title\" content=\"Cornemuse irlandaise &gt; Uilleann Pipe - SKV Ecole de musique traditionnelle \u00e0 Saint Brieuc\" \/>\n<meta property=\"og:description\" content=\"cours de Uilleann Pipes \u00e0 SKV Saint-Brieuc. Cours dispens\u00e9 par Jordane Guilloux\" \/>\n<meta property=\"og:url\" content=\"http:\/\/www.skvmusique.org\/index.php\/uilleann-pipes\/\" \/>\n<meta property=\"og:site_name\" content=\"SKV Ecole de musique traditionnelle \u00e0 Saint Brieuc\" \/>\n<meta property=\"article:modified_time\" content=\"2024-06-19T15:54:01+00:00\" \/>\n<meta property=\"og:image\" content=\"http:\/\/www.skvmusique.org\/wp-content\/uploads\/2024\/06\/20240610_183920-1024x461.jpg\" \/>\n<meta name=\"twitter:card\" content=\"summary_large_image\" \/>\n<script type=\"application\/ld+json\" class=\"yoast-schema-graph\">{\"@context\":\"https:\/\/schema.org\",\"@graph\":[{\"@type\":\"WebPage\",\"@id\":\"http:\/\/www.skvmusique.org\/index.php\/uilleann-pipes\/\",\"url\":\"http:\/\/www.skvmusique.org\/index.php\/uilleann-pipes\/\",\"name\":\"Cornemuse irlandaise > Uilleann Pipe - SKV Ecole de musique traditionnelle \u00e0 Saint Brieuc\",\"isPartOf\":{\"@id\":\"http:\/\/www.skvmusique.org\/#website\"},\"primaryImageOfPage\":{\"@id\":\"http:\/\/www.skvmusique.org\/index.php\/uilleann-pipes\/#primaryimage\"},\"image\":{\"@id\":\"http:\/\/www.skvmusique.org\/index.php\/uilleann-pipes\/#primaryimage\"},\"thumbnailUrl\":\"http:\/\/www.skvmusique.org\/wp-content\/uploads\/2024\/06\/20240610_183920-1024x461.jpg\",\"datePublished\":\"2016-10-15T22:45:18+00:00\",\"dateModified\":\"2024-06-19T15:54:01+00:00\",\"description\":\"cours de Uilleann Pipes \u00e0 SKV Saint-Brieuc. Cours dispens\u00e9 par Jordane Guilloux\",\"breadcrumb\":{\"@id\":\"http:\/\/www.skvmusique.org\/index.php\/uilleann-pipes\/#breadcrumb\"},\"inLanguage\":\"fr-FR\",\"potentialAction\":[{\"@type\":\"ReadAction\",\"target\":[\"http:\/\/www.skvmusique.org\/index.php\/uilleann-pipes\/\"]}]},{\"@type\":\"ImageObject\",\"inLanguage\":\"fr-FR\",\"@id\":\"http:\/\/www.skvmusique.org\/index.php\/uilleann-pipes\/#primaryimage\",\"url\":\"http:\/\/www.skvmusique.org\/wp-content\/uploads\/2024\/06\/20240610_183920-scaled.jpg\",\"contentUrl\":\"http:\/\/www.skvmusique.org\/wp-content\/uploads\/2024\/06\/20240610_183920-scaled.jpg\",\"width\":2560,\"height\":1152},{\"@type\":\"BreadcrumbList\",\"@id\":\"http:\/\/www.skvmusique.org\/index.php\/uilleann-pipes\/#breadcrumb\",\"itemListElement\":[{\"@type\":\"ListItem\",\"position\":1,\"name\":\"Accueil\",\"item\":\"http:\/\/www.skvmusique.org\/\"},{\"@type\":\"ListItem\",\"position\":2,\"name\":\"Cornemuse irlandaise > Uilleann Pipe\"}]},{\"@type\":\"WebSite\",\"@id\":\"http:\/\/www.skvmusique.org\/#website\",\"url\":\"http:\/\/www.skvmusique.org\/\",\"name\":\"SKV Ecole de musique traditionnelle \u00e0 Saint Brieuc\",\"description\":\"SKV -  Sonerien ha Kanerien vreizh\",\"potentialAction\":[{\"@type\":\"SearchAction\",\"target\":{\"@type\":\"EntryPoint\",\"urlTemplate\":\"http:\/\/www.skvmusique.org\/?s={search_term_string}\"},\"query-input\":{\"@type\":\"PropertyValueSpecification\",\"valueRequired\":true,\"valueName\":\"search_term_string\"}}],\"inLanguage\":\"fr-FR\"}]}<\/script>\n<!-- \/ Yoast SEO plugin. -->","yoast_head_json":{"title":"Cornemuse irlandaise > Uilleann Pipe - SKV Ecole de musique traditionnelle \u00e0 Saint Brieuc","description":"cours de Uilleann Pipes \u00e0 SKV Saint-Brieuc. Cours dispens\u00e9 par Jordane Guilloux","robots":{"index":"index","follow":"follow","max-snippet":"max-snippet:-1","max-image-preview":"max-image-preview:large","max-video-preview":"max-video-preview:-1"},"canonical":"http:\/\/www.skvmusique.org\/index.php\/uilleann-pipes\/","og_locale":"fr_FR","og_type":"article","og_title":"Cornemuse irlandaise > Uilleann Pipe - SKV Ecole de musique traditionnelle \u00e0 Saint Brieuc","og_description":"cours de Uilleann Pipes \u00e0 SKV Saint-Brieuc. Cours dispens\u00e9 par Jordane Guilloux","og_url":"http:\/\/www.skvmusique.org\/index.php\/uilleann-pipes\/","og_site_name":"SKV Ecole de musique traditionnelle \u00e0 Saint Brieuc","article_modified_time":"2024-06-19T15:54:01+00:00","og_image":[{"url":"http:\/\/www.skvmusique.org\/wp-content\/uploads\/2024\/06\/20240610_183920-1024x461.jpg","type":"","width":"","height":""}],"twitter_card":"summary_large_image","schema":{"@context":"https:\/\/schema.org","@graph":[{"@type":"WebPage","@id":"http:\/\/www.skvmusique.org\/index.php\/uilleann-pipes\/","url":"http:\/\/www.skvmusique.org\/index.php\/uilleann-pipes\/","name":"Cornemuse irlandaise > Uilleann Pipe - SKV Ecole de musique traditionnelle \u00e0 Saint Brieuc","isPartOf":{"@id":"http:\/\/www.skvmusique.org\/#website"},"primaryImageOfPage":{"@id":"http:\/\/www.skvmusique.org\/index.php\/uilleann-pipes\/#primaryimage"},"image":{"@id":"http:\/\/www.skvmusique.org\/index.php\/uilleann-pipes\/#primaryimage"},"thumbnailUrl":"http:\/\/www.skvmusique.org\/wp-content\/uploads\/2024\/06\/20240610_183920-1024x461.jpg","datePublished":"2016-10-15T22:45:18+00:00","dateModified":"2024-06-19T15:54:01+00:00","description":"cours de Uilleann Pipes \u00e0 SKV Saint-Brieuc. Cours dispens\u00e9 par Jordane Guilloux","breadcrumb":{"@id":"http:\/\/www.skvmusique.org\/index.php\/uilleann-pipes\/#breadcrumb"},"inLanguage":"fr-FR","potentialAction":[{"@type":"ReadAction","target":["http:\/\/www.skvmusique.org\/index.php\/uilleann-pipes\/"]}]},{"@type":"ImageObject","inLanguage":"fr-FR","@id":"http:\/\/www.skvmusique.org\/index.php\/uilleann-pipes\/#primaryimage","url":"http:\/\/www.skvmusique.org\/wp-content\/uploads\/2024\/06\/20240610_183920-scaled.jpg","contentUrl":"http:\/\/www.skvmusique.org\/wp-content\/uploads\/2024\/06\/20240610_183920-scaled.jpg","width":2560,"height":1152},{"@type":"BreadcrumbList","@id":"http:\/\/www.skvmusique.org\/index.php\/uilleann-pipes\/#breadcrumb","itemListElement":[{"@type":"ListItem","position":1,"name":"Accueil","item":"http:\/\/www.skvmusique.org\/"},{"@type":"ListItem","position":2,"name":"Cornemuse irlandaise > Uilleann Pipe"}]},{"@type":"WebSite","@id":"http:\/\/www.skvmusique.org\/#website","url":"http:\/\/www.skvmusique.org\/","name":"SKV Ecole de musique traditionnelle \u00e0 Saint Brieuc","description":"SKV -  Sonerien ha Kanerien vreizh","potentialAction":[{"@type":"SearchAction","target":{"@type":"EntryPoint","urlTemplate":"http:\/\/www.skvmusique.org\/?s={search_term_string}"},"query-input":{"@type":"PropertyValueSpecification","valueRequired":true,"valueName":"search_term_string"}}],"inLanguage":"fr-FR"}]}},"_links":{"self":[{"href":"http:\/\/www.skvmusique.org\/index.php\/wp-json\/wp\/v2\/pages\/1217","targetHints":{"allow":["GET"]}}],"collection":[{"href":"http:\/\/www.skvmusique.org\/index.php\/wp-json\/wp\/v2\/pages"}],"about":[{"href":"http:\/\/www.skvmusique.org\/index.php\/wp-json\/wp\/v2\/types\/page"}],"author":[{"embeddable":true,"href":"http:\/\/www.skvmusique.org\/index.php\/wp-json\/wp\/v2\/users\/1"}],"replies":[{"embeddable":true,"href":"http:\/\/www.skvmusique.org\/index.php\/wp-json\/wp\/v2\/comments?post=1217"}],"version-history":[{"count":9,"href":"http:\/\/www.skvmusique.org\/index.php\/wp-json\/wp\/v2\/pages\/1217\/revisions"}],"predecessor-version":[{"id":2836,"href":"http:\/\/www.skvmusique.org\/index.php\/wp-json\/wp\/v2\/pages\/1217\/revisions\/2836"}],"wp:attachment":[{"href":"http:\/\/www.skvmusique.org\/index.php\/wp-json\/wp\/v2\/media?parent=1217"}],"curies":[{"name":"wp","href":"https:\/\/api.w.org\/{rel}","templated":true}]}}